-- https://www.phpmyadmin.net/
--
-- Waktu pembuatan: 11 Bulan Mei 2024 pada 03.51
-- Versi server: 10.4.21-MariaDB
-- Versi PHP: 8.1.2

START TRANSACTION;



--
-- Database: `db_sempsid`
--

-- --------------------------------------------------------

--
-- Struktur dari tabel `absensi_peserta`
--

CREATE TABLE `absensi_peserta` (
  `id_absensi` int(10) NOT NULL,
  `tgl_absensi` date NOT NULL,
  `waktu` time NOT NULL,
  `ruang` char(8) NOT NULL,
  `nim` varchar(20) NOT NULL,
  `kesimpulan` text DEFAULT NULL
) ENGINE=InnoDB DEFAULT CHARSET=latin1;

--
-- Dumping data untuk tabel `absensi_peserta`
--

INSERT INTO `absensi_peserta` (`id_absensi`, `tgl_absensi`, `waktu`, `ruang`, `nim`, `kesimpulan`) VALUES
(1, '2024-03-16', '07:56:25', '304', '2101023', ''),
(2, '2024-03-16', '07:58:42', '304', '2101019', ''),
(3, '2024-03-16', '07:58:56', '304', '2101033', ''),
(4, '2024-03-16', '07:59:05', '304', '1901027', ''),
(5, '2024-03-16', '08:00:50', '304', '2001011', ''),
(6, '2024-03-16', '08:01:18', '305', '2002044', ''),
(7, '2024-03-16', '08:01:39', '305', '2002046', ''),
(8, '2024-03-16', '08:01:57', '305', '2002048', ''),
(9, '2024-03-16', '08:02:10', '304', '2001046', ''),
(10, '2024-03-16', '08:02:29', '304', '2001043', ''),
(11, '2024-03-16', '08:03:54', '305', '2102191', ''),
(12, '2024-03-16', '08:06:11', '305', '2102099', ''),
(13, '2024-03-16', '08:12:33', '305', '2002083', ''),
(14, '2024-03-16', '08:13:34', '304', '1901041', ''),
(15, '2024-03-16', '08:23:20', '304', '2001028', ''),
(16, '2024-03-16', '08:23:54', '304', '2001019', ''),
(17, '2024-03-16', '08:24:01', '304', '2001035', ''),
(18, '2024-03-16', '08:24:08', '304', '2101052', ''),
(19, '2024-03-16', '08:35:13', '305', '2002065', ''),
(20, '2024-03-16', '08:36:05', '305', '2002095', ''),
(21, '2024-03-16', '08:36:12', '305', '2002026', ''),
(22, '2024-03-16', '08:41:48', '305', '2002075', ''),
(23, '2024-03-16', '08:44:00', '305', '2002091', ''),
(24, '2024-03-16', '08:44:22', '305', '2002089', ''),
(25, '2024-03-16', '11:27:13', '204', '2002119', ''),
(26, '2024-03-16', '11:27:23', '204', '2002117', ''),
(27, '2024-03-16', '11:27:35', '204', '2002127', ''),
(28, '2024-03-16', '11:28:15', '204', '2002110', ''),
(29, '2024-03-16', '11:29:26', '204', '2002096', ''),
(30, '2024-03-16', '11:29:34', '204', '2002013', ''),
(31, '2024-03-16', '11:29:42', '204', '2002122', ''),
(33, '2024-03-30', '08:08:37', '306', '2302340', ''),
(34, '2024-03-30', '08:09:46', '306', '2302338', ''),
(35, '2024-03-30', '08:10:15', '306', '2302331', ''),
(37, '2024-03-30', '08:12:33', '305', '2102127', ''),
(38, '2024-03-30', '08:13:41', '305', '2102270', ''),
(39, '2024-03-30', '08:14:34', '301', '2102196', ''),
(40, '2024-03-30', '08:17:39', '301', '2102265', ''),
(41, '2024-03-30', '08:17:47', '301', '2102180', ''),
(42, '2024-03-30', '08:17:55', '301', '2102201', ''),
(43, '2024-03-30', '08:18:00', '302', '1901027', ''),
(44, '2024-03-30', '08:21:01', '305', '2102108', ''),
(45, '2024-03-30', '08:22:46', '301', '2102208', ''),
(46, '2024-03-30', '08:27:45', '301', '2102197', ''),
(47, '2024-03-30', '08:27:50', '301', '2102195', ''),
(48, '2024-03-30', '08:27:54', '305', '2302332', ''),
(49, '2024-03-30', '08:36:00', '305', '2302334', ''),
(50, '2024-03-30', '08:36:06', '304', '2302345', ''),
(51, '2024-03-30', '08:40:47', '305', '2302340', ''),
(52, '2024-03-30', '08:41:22', '304', '2302338', ''),
(53, '2024-03-30', '08:41:31', '304', '2302331', ''),
(54, '2024-03-30', '08:41:40', '304', '2302337', ''),
(55, '2024-03-30', '08:51:22', '303', '2102191', ''),
(56, '2024-03-30', '09:08:52', '305', '2102261', ''),
(57, '2024-03-30', '09:09:52', '204', '2002111', ''),
(58, '2024-03-30', '09:33:16', '204', '2002097', ''),
(59, '2024-03-30', '09:33:47', '204', '2002053', ''),
(60, '2024-03-30', '09:34:00', '204', '2002121', ''),
(61, '2024-03-30', '09:34:08', '204', '2102183', ''),
(62, '2024-03-30', '09:44:11', '204', '2102161', ''),
(63, '2024-03-30', '09:44:17', '204', '2102144', ''),
(64, '2024-03-30', '09:44:22', '204', '2102155', ''),
(65, '2024-03-30', '09:46:55', '204', '2102154', ''),
(66, '2024-03-30', '09:47:00', '204', '2102181', ''),
(67, '2024-03-30', '09:47:32', '204', '2102170', ''),
(68, '2024-03-30', '09:47:38', '204', '2102176', ''),
(69, '2024-03-30', '09:47:43', '204', '2102172', ''),
(70, '2024-03-30', '09:47:53', '204', '2102182', ''),
(71, '2024-03-30', '09:47:58', '204', '2102171', ''),
(72, '2024-03-30', '09:48:03', '204', '2102174', ''),
(73, '2024-03-30', '09:48:09', '204', '2102173', ''),
(74, '2024-03-30', '09:48:14', '204', '2102142', ''),
(75, '2024-03-30', '09:48:19', '305', '2102144', ''),
(76, '2024-03-30', '10:14:22', '305', '2102169', ''),
(77, '2024-03-30', '10:14:36', '305', '2102175', ''),
(78, '2024-03-30', '10:14:54', '305', '2102154', ''),
(79, '2024-03-30', '10:15:03', '305', '2102143', ''),
(80, '2024-03-30', '10:15:15', '305', '2102181', ''),
(81, '2024-03-30', '10:15:22', '305', '2102161', ''),
(82, '2024-03-30', '10:15:32', '305', '2102183', ''),
(83, '2024-03-30', '10:15:48', '305', '2102170', ''),
(84, '2024-03-30', '10:16:03', '305', '2102172', ''),
(85, '2024-03-30', '10:16:10', '305', '2102171', ''),
(86, '2024-03-30', '10:16:35', '302', '2102177', ''),
(87, '2024-03-30', '10:16:47', '305', '2102210', ''),
(88, '2024-03-30', '10:17:11', '305', '2102194', ''),
(89, '2024-03-30', '10:17:19', '305', '2102185', ''),
(90, '2024-03-30', '10:17:32', '303', '2102155', ''),
(91, '2024-03-30', '10:17:44', '303', '2102142', ''),
(92, '2024-03-30', '10:17:50', '303', '2102174', ''),
(93, '2024-03-30', '10:17:57', '303', '2102173', ''),
(94, '2024-03-30', '10:18:18', '304', '2302334', ''),
(95, '2024-03-30', '10:21:03', '304', '2302332', ''),
(96, '2024-03-30', '10:21:27', '304', '2302334', ''),
(97, '2024-03-30', '10:21:33', '304', '2302340', ''),
(98, '2024-03-30', '10:21:41', '304', '2102176', ''),
(99, '2024-03-30', '10:48:09', '304', '2102177', ''),
(100, '2024-03-30', '10:48:46', '304', '2102163', ''),
(101, '2024-03-30', '10:49:00', '304', '2102155', ''),
(102, '2024-03-30', '10:49:13', '304', '2102142', ''),
(103, '2024-03-30', '10:49:21', '304', '2102182', ''),
(104, '2024-03-30', '10:49:28', '304', '2102174', ''),
(105, '2024-03-30', '10:49:34', '304', '2102173', ''),
(106, '2024-04-06', '08:26:17', '204', '2102171', ''),
(107, '2024-04-06', '08:26:46', '204', '2102176', ''),
(108, '2024-04-06', '08:26:51', '304', '2102226', ''),
(109, '2024-04-06', '08:28:08', '304', '2102223', ''),
(110, '2024-04-06', '08:28:13', '204', '2102161', ''),
(111, '2024-04-06', '08:34:45', '204', '2102183', ''),
(112, '2024-04-06', '08:34:51', '204', '2102165', ''),
(113, '2024-04-06', '08:35:25', '304', '2102132', ''),
(114, '2024-04-06', '08:54:38', '304', '2102130', ''),
(115, '2024-04-06', '08:55:01', '304', '2102129', ''),
(116, '2024-04-06', '08:55:08', '304', '2102102', ''),
(117, '2024-04-06', '08:55:27', '304', '2102195', ''),
(118, '2024-04-06', '08:58:32', '304', '2102201', ''),
(119, '2024-04-06', '08:58:39', '304', '2102197', ''),
(120, '2024-04-06', '08:58:47', '304', '2102208', ''),
(121, '2024-04-06', '08:58:52', '304', '2102073', ''),
(122, '2024-04-06', '08:59:03', '304', '2102090', ''),
(123, '2024-04-06', '08:59:09', '304', '2102196', ''),
(124, '2024-04-06', '08:59:18', '304', '2102082', ''),
(125, '2024-04-06', '08:59:25', '304', '2102054', ''),
(126, '2024-04-06', '08:59:31', '204', '2102144', ''),
(127, '2024-04-06', '09:20:53', '204', '2102175', ''),
(128, '2024-04-06', '09:21:04', '204', '2102177', ''),
(129, '2024-04-06', '09:21:41', '204', '2102151', ''),
(130, '2024-04-06', '09:21:50', '204', '2102156', ''),
(131, '2024-04-06', '09:21:58', '204', '2102163', ''),
(132, '2024-04-06', '09:34:18', '204', '2102154', ''),
(133, '2024-04-06', '09:34:25', '204', '2102181', ''),
(134, '2024-04-06', '09:38:10', '204', '2102170', ''),
(135, '2024-04-06', '09:38:17', '204', '2102172', ''),
(136, '2024-04-06', '09:38:26', '304', '2102140', ''),
(137, '2024-04-06', '09:41:45', '301', '2102183', ''),
(138, '2024-04-06', '10:13:21', '301', '2102171', ''),
(139, '2024-04-06', '10:13:28', '301', '2102151', ''),
(140, '2024-04-06', '10:13:33', '301', '2102177', ''),
(141, '2024-04-06', '10:13:38', '301', '2102176', ''),
(143, '2024-04-06', '10:13:51', '301', '2102165', ''),
(144, '2024-04-06', '10:13:59', '301', '2102175', ''),
(145, '2024-04-06', '10:14:08', '301', '2102163', ''),
(146, '2024-04-06', '10:14:13', '301', '2102154', ''),
(147, '2024-04-06', '10:14:19', '301', '2102144', ''),
(148, '2024-04-06', '10:14:35', '304', '2102183', ''),
(149, '2024-04-06', '10:14:44', '304', '2102177', ''),
(150, '2024-04-06', '10:14:52', '304', '2102170', ''),
(151, '2024-04-06', '10:14:58', '304', '2102181', ''),
(152, '2024-04-06', '10:15:03', '304', '2102156', ''),
(153, '2024-04-06', '10:15:08', '304', '2102172', '');

-- --------------------------------------------------------

--
-- Struktur dari tabel `dosen`
--

CREATE TABLE `dosen` (
  `nidn` varchar(15) NOT NULL,
  `nama_dosen` varchar(50) NOT NULL
) ENGINE=InnoDB DEFAULT CHARSET=latin1;

--
-- Dumping data untuk tabel `dosen`
--

INSERT INTO `dosen` (`nidn`, `nama_dosen`) VALUES
('0101048301', 'Zulia Almaida Siregar, S.Pd, M.M'),
('0101048902', 'Widodo Saputra, M.Kom'),
('0102088407', 'Surya Darma, M.Kom'),
('0102108904', 'Ika Okta Kirana, M.Pd'),
('0103029401', 'Ika Purnama Sari, A.Md., M.Pd'),
('0103038202', 'Susiani, M.Pd'),
('0104018304', 'Dr. Solikhun, M.Kom'),
('0104028203', 'Ilham Syahputra Saragih, S.Sos., M.M'),
('0104029101', 'Zulaini Masruro Nasution, S.Pd.I., M. Pd'),
('0104068101', 'Poningsih, M.Kom'),
('0104098503', 'Riki Winanjaya, M. Kom'),
('0105088403', 'Fitri Rizki, S.Pd., M.Pd'),
('0106049201', 'Fitri Anggraini, M.Pd'),
('0107018401', 'Iin Parlina, M.Kom'),
('0107057903', 'Saifullah, M.Kom'),
('0109029502', 'Rizki Alfadillah Nasution, S.P., M.M'),
('0109079701', 'P.P.P.A.N.W.Fikrul Ilmi R.H.Zer, M.Kom'),
('0110057302', 'Bahrudi Efendi Damanik, S.E., M.M'),
('0110068001', 'Dr. M. Safii, M.Kom'),
('0111065301', 'Jalaluddin, S.Pd., M.Pd'),
('0111107301', 'Dr. Dedy Hartama, S.T, M.Kom'),
('0112088002', 'Fahmi Firzada, M.Kom'),
('0114017002', 'Irawan, S.E., M.M'),
('0114028503', 'Anjar Wanto, M.Kom'),
('0116038402', 'Sumarno, M.Kom'),
('0116128004', 'Dedi Suhendro, S.E., M.Si'),
('0117049701', 'Putrama Alkhairi, M.Kom'),
('0118018901', 'Eka Irawan, M.Kom'),
('0118088603', 'Irfan Sudahri Damanik, M.Kom'),
('0120069202', 'Wendi Robiansyah, M.Kom'),
('0122039401', 'Yuegilion Pranayama Purba, S.Si, M.Si'),
('0122067502', 'Hendry Qurniawan, S.Kom., M.M'),
('0122129301', 'Ela Roza Batubara, M.Kom'),
('0126039601', 'Abdi Rahim Damanik, M.Kom'),
('0126099401', 'Rizky Khairunnisa Sormin, S.S., M.Pd'),
('0126118601', 'Muhammad Ridwan Lubis, M.Kom'),
('0127108703', 'Heru Satria Tambunan, M.Kom'),
('0127118402', 'Rafiqa Dewi, M.Kom'),
('0128109101', 'Harly Okprana, M. Kom'),
('0129098502', 'Dr. Sundari Retno Andani, S.T., M.Kom'),
('0129118801', 'Indra Gunawan, M.Kom'),
('0130088603', 'Agus Perdana Windarto, M.Kom'),
('0131109101', 'Nani Hidayati, M.Kom'),
('0131129601', 'Fazli Nugraha Tambunan, S.P., M.Kom');

-- --------------------------------------------------------

--
-- Struktur dari tabel `mahasiswa`
--

CREATE TABLE `mahasiswa` (
  `nim` varchar(20) NOT NULL,
  `nama` varchar(50) NOT NULL,
  `kelas` char(8) NOT NULL,
  `prodi` varchar(30) NOT NULL
) ENGINE=InnoDB DEFAULT CHARSET=latin1;

--
-- Dumping data untuk tabel `mahasiswa`
--

INSERT INTO `mahasiswa` (`nim`, `nama`, `kelas`, `prodi`) VALUES
('1901010', 'GABRIEL ARGHA DINATA GULTOM', '20T01', 'Teknik Informatika'),
('1901027', 'NORALITA BR NAINGGOLAN', '20T01', 'Teknik Informatika'),
('1901041', 'THOMAS DJOEL', '20T03', 'Teknik Informatika'),
('1901047', 'ADJIE PRAYUDHA ENDIK', '20T02', 'Teknik Informatika'),
('1901049', 'ALDI AZHARI', '22T02', 'Teknik Informatika'),
('1901056', 'CHRISTHOPHER JHON FRESLY SIMBOLON', '20T02', 'Teknik Informatika'),
('1901089', 'VICTOR DANIEL ANDREAS MANURUNG', '21T03', 'Teknik Informatika'),
('1901111', 'HENGKY FERNANDO SITUMORANG', '20T02', 'Teknik Informatika'),
('1901124', 'NOVELD YAMO LIAN SIRAIT', '20T03', 'Teknik Informatika'),
('1902011', 'FEBRIALDI SIMBOLON', '20S02', 'Sistem Informasi'),
('1902044', 'YENNY EVANY LUBIS', '20S01', 'Sistem Informasi'),
('2001001', 'AHMAD GHIYAS AHYAR', '20T01', 'Teknik Informatika'),
('2001003', 'ARDIAN PUTRA PRATAMA SARAGIH', '20T01', 'Teknik Informatika'),
('2001004', 'ARRIL AFATANDIO', '20T01', 'Teknik Informatika'),
('2001005', 'AULIA HIDAYAH GINTING', '20T01', 'Teknik Informatika'),
('2001007', 'BENNY RICKY ANANDA SIMANJUNTAK', '20T01', 'Teknik Informatika'),
('2001008', 'DELLA FATRICIA NASUTION', '20T01', 'Teknik Informatika'),
('2001010', 'EGI LAKSONO', '20T01', 'Teknik Informatika'),
('2001011', 'EKA ROUF AL HALIM', '20T01', 'Teknik Informatika'),
('2001012', 'FAHRIZAL RIZKI', '20T01', 'Teknik Informatika'),
('2001013', 'FAUZI ALFITRA', '20T01', 'Teknik Informatika'),
('2001014', 'FAZLY', '20T01', 'Teknik Informatika'),
('2001016', 'HABIBI SYAHROZI', '20T01', 'Teknik Informatika'),
('2001017', 'HAMDANI', '20T01', 'Teknik Informatika'),
('2001018', 'HARRIS NUR FADLAN', '20T01', 'Teknik Informatika'),
('2001019', 'IHSAN SYAJIDAN', '20T01', 'Teknik Informatika'),
('2001020', 'IMMANUEL JONASA SIANIPAR', '21T01', 'Teknik Informatika'),
('2001021', 'IQBAL RIVALDO', '20T01', 'Teknik Informatika'),
('2001022', 'LUCKY REHAN', '20T01', 'Teknik Informatika'),
('2001023', 'M.RIZKY PRATAMA LUBIS', '20T01', 'Teknik Informatika'),
('2001024', 'MAHDANIL AGUNG PUTRA SARAGIH TURNIP', '20T01', 'Teknik Informatika'),
('2001025', 'MAHDIVA AGUNG PUTRA SARAGIH TURNIP', '20T01', 'Teknik Informatika'),
('2001026', 'MELIA SARI', '20T01', 'Teknik Informatika'),
('2001027', 'MHD. IQBAL PRANATA', '20T01', 'Teknik Informatika'),
('2001028', 'MUHAMMAD RAFAI', '20T01', 'Teknik Informatika'),
('2001029', 'NANDA AMALYA', '20T01', 'Teknik Informatika'),
('2001033', 'OWEN SAPUTRA PARDEDE', '20T01', 'Teknik Informatika'),
('2001034', 'PRETTY NATALIA NAPITUPULU', '20T01', 'Teknik Informatika'),
('2001035', 'RANDI ARDIANSYAH DARMADI', '20T01', 'Teknik Informatika'),
('2001036', 'RENALDI', '20T01', 'Teknik Informatika'),
('2001039', 'RIZKY AGUNG SARAGIH', '20T01', 'Teknik Informatika'),
('2001040', 'SELLI OKTAVIANI', '20T01', 'Teknik Informatika'),
('2001041', 'SUNDARI PUTRI LESTARI', '20T01', 'Teknik Informatika'),
('2001042', 'SURYA PUTRA RAMADHAN', '20T01', 'Teknik Informatika'),
('2001043', 'SYNDY AMMANDA', '20T01', 'Teknik Informatika'),
('2001044', 'TAUFIK ISMAIL', '20T03', 'Teknik Informatika'),
('2001045', 'WANDA DIRA PAWITRA', '20T01', 'Teknik Informatika'),
('2001046', 'YOHANA VALENTINA TAMPUBOLON', '20T01', 'Teknik Informatika'),
('2001047', 'YUSUF HANNAFI HASIBUAN', '20T01', 'Teknik Informatika'),
('2001048', 'ABDITIYA SURBAKTI', '20T02', 'Teknik Informatika'),
('2001049', 'ADE AULIA ', '20T02', 'Teknik Informatika'),
('2001050', 'ADE RAHMAYANI', '20T03', 'Teknik Informatika'),
('2001052', 'ANISA SORAYA ', '20T02', 'Teknik Informatika'),
('2001053', 'ANJAS P.S GURNING ', '20T02', 'Teknik Informatika'),
('2001054', 'ARYA ERLANGGA', '20T02', 'Teknik Informatika'),
('2001055', 'BUNGA MIKI WIJAYAH', '20T02', 'Teknik Informatika'),
('2001056', 'CHINDY AULIA SIAHAAN', '20T02', 'Teknik Informatika'),
('2001057', 'DAVID RONALDO HUTAJULU ', '20T02', 'Teknik Informatika'),
('2001058', 'DEDY KRISTIANTO LUMBANTOBING', '20T01', 'Teknik Informatika'),
('2001059', 'DIEGO FRANCISKO', '20T02', 'Teknik Informatika'),
('2001060', 'DIMAS EKA ADRIANSYAH ', '20T02', 'Teknik Informatika'),
('2001061', 'DONI ELANG KUSUMA ', '20T02', 'Teknik Informatika'),
('2001062', 'EGA AYU SAPUTRI', '20T02', 'Teknik Informatika'),
('2001063', 'ERIKSON SIMATUPANG', '20T03', 'Teknik Informatika'),
('2001065', 'FAHREZI RAMADHANI ', '20T02', 'Teknik Informatika'),
('2001067', 'FELIX UJUNG MANURUNG', '20T02', 'Teknik Informatika'),
('2001068', 'GALIH OKKA WIJAYA ', '20T02', 'Teknik Informatika'),
('2001069', 'HARIS AL FAJAR', '20T02', 'Teknik Informatika'),
('2001070', 'HELMI AZHARI SINAGA', '20T02', 'Teknik Informatika'),
('2001071', 'IMAM SANTOSO', '20T02', 'Teknik Informatika'),
('2001072', 'IRVAN PRATAMA DAMANIK', '20T02', 'Teknik Informatika'),
('2001073', 'JIMMY ARDHU', '20T03', 'Teknik Informatika'),
('2001074', 'JONA RENGKY SAPUTRA SILAEN', '20T02', 'Teknik Informatika'),
('2001075', 'JOSUA TRIVANDO SITOHANG ', '21T02', 'Teknik Informatika'),
('2001076', 'KHAIRANI PUTRI', '20T02', 'Teknik Informatika'),
('2001078', 'KHAIRUL AZHARI', '21T02', 'Teknik Informatika'),
('2001079', 'MUHAMMAD ARIF ', '20T02', 'Teknik Informatika'),
('2001080', 'MUHAMMAD RIDHO AL HAMDI', '20T02', 'Teknik Informatika'),
('2001081', 'MUHAMMAD YUSUF', '20T02', 'Teknik Informatika'),
('2001083', 'NADYA FERONIKA PURBA', '20T02', 'Teknik Informatika'),
('2001084', 'NURFADILAH MARPAUNG', '20T01', 'Teknik Informatika'),
('2001087', 'RISKI ARYASANDI', '20T02', 'Teknik Informatika'),
('2001088', 'RIZKY MONALISA BR SARAGIH', '20T02', 'Teknik Informatika'),
('2001090', 'SITI ZAHRA HASIBUAN', '20T02', 'Teknik Informatika'),
('2001091', 'SRIMPI SETIO NENGRUM', '20T02', 'Teknik Informatika'),
('2001092', 'YOGA PRATAMA MANURUNG', '20T02', 'Teknik Informatika'),
('2001093', 'YOHANNES PARULIAN SIMANJUNTAK', '20T02', 'Teknik Informatika'),
('2001094', 'AHMAD FAUZI', '20T03', 'Teknik Informatika'),
('2001095', 'ALAN FAHMIDAN', '20T03', 'Teknik Informatika'),
('2001096', 'ANDI NUR SEPTIANTO', '20T03', 'Teknik Informatika'),
('2001097', 'ARMANSYAH TAMBUNAN', '20T03', 'Teknik Informatika'),
('2001099', 'AWALINDA ZUDAINI', '20T03', 'Teknik Informatika'),
('2001100', 'AYSKA AULYA ', '20T03', 'Teknik Informatika'),
('2001102', 'DANIEL TINAMBUNAN', '20T03', 'Teknik Informatika'),
('2001103', 'DEDI HUTAHAEAN', '20T03', 'Teknik Informatika'),
('2001104', 'DIKI RAFILZA', '20T03', 'Teknik Informatika'),
('2001106', 'DINI CHAIRUN ANNISA', '20T03', 'Teknik Informatika'),
('2001108', 'FAUZI ALDI YUDHISTIRA', '20T03', 'Teknik Informatika'),
('2001109', 'GILANG FADILAH EFIKA', '20T03', 'Teknik Informatika'),
('2001110', 'HABIB RIZKY AL-HAFIZH SARAGIH ', '20T03', 'Teknik Informatika'),
('2001112', 'JEFRI OKTA SA`BANI', '20T03', 'Teknik Informatika'),
('2001113', 'JENNI HARTATI SINAGA ', '20T01', 'Teknik Informatika'),
('2001115', 'KINANTI PUTRI LESTARI', '20T03', 'Teknik Informatika'),
('2001116', 'KUMARA BAKTI SINAGA', '20T03', 'Teknik Informatika'),
('2001117', 'KUSNI KASDUT HUTABARAT', '20T03', 'Teknik Informatika'),
('2001118', 'LAMBAS PERDANA NAIBAHO', '20T03', 'Teknik Informatika'),
('2001119', 'LINI WATI', '20T03', 'Teknik Informatika'),
('2001120', 'MAYA PANGARIBUAN', '20T01', 'Teknik Informatika'),
('2001122', 'MITA PUSPITA LUBIS', '20T03', 'Teknik Informatika'),
('2001123', 'MUHAMMAD AZMY GUNAWAN SIREGAR ', '20T03', 'Teknik Informatika'),
('2001124', 'MUHAMMAD RIFAI HASIBUAN', '20T03', 'Teknik Informatika'),
('2001125', 'MUHAMMAD TRIZKY BIMANTARA', '20T03', 'Teknik Informatika'),
('2001128', 'RICKY FAHMI', '21T02', 'Teknik Informatika'),
('2001129', 'RIKI DIAN PRAMBANDARI', '20T03', 'Teknik Informatika'),
('2001130', 'RIKKY RAMADHAN ', '20T02', 'Teknik Informatika'),
('2001131', 'RIZKI HAMDANI PANGARIBUAN', '20T03', 'Teknik Informatika'),
('2001132', 'RIZKY VAN SEPTIE ', '20T03', 'Teknik Informatika'),
('2001134', 'SANTA MARIA SOPIANA SILALAHI', '20T01', 'Teknik Informatika'),
('2001135', 'SILVINA HANDAYANI', '20T03', 'Teknik Informatika'),
('2001138', 'VERNANDO JUAN FELIK SITORUS', '20T03', 'Teknik Informatika'),
('2001140', 'WAWAN KISWANTO', '20T03', 'Teknik Informatika'),
('2002001', 'ADE NADYA ANGGRAINI BUTAR BUTAR', '20S01', 'Sistem Informasi'),
('2002002', 'ADINDA MARDIYAH', '20S01', 'Sistem Informasi'),
('2002003', 'AFRAH FADILAH TANJUNG', '20S01', 'Sistem Informasi'),
('2002004', 'ALYA SANDRINA', '20S01', 'Sistem Informasi'),
('2002005', 'BINTANG AUFA SULTAN', '20S01', 'Sistem Informasi'),
('2002006', 'DEVI KUMALA SARI', '20S01', 'Sistem Informasi'),
('2002007', 'DEZA GERALDIN SALSABILAH SARAGIH', '20S01', 'Sistem Informasi'),
('2002008', 'DICKY WAHYUDI MANURUNG', '20S01', 'Sistem Informasi'),
('2002010', 'DIRA WIDI ASTUTI', '20S01', 'Sistem Informasi'),
('2002011', 'DWIRA AZI PRAGANA', '20S01', 'Sistem Informasi'),
('2002012', 'FAHRY HUSAINI', '20S01', 'Sistem Informasi'),
('2002013', 'FAHRY RAMADHAN DAMANIK', '20S01', 'Sistem Informasi'),
('2002014', 'FAUZAN RAMADHAN ALMUNAWAR', '20S01', 'Sistem Informasi'),
('2002016', 'HANAN SYUKUR WICAKSONO', '20S01', 'Sistem Informasi'),
('2002017', 'HUMAIDI HAMBALI', '20S01', 'Sistem Informasi'),
('2002018', 'INDAH DEA ANASTASIA', '20S01', 'Sistem Informasi'),
('2002019', 'INKA ILANA', '20S01', 'Sistem Informasi'),
('2002021', 'LAILY NAJWA RAHMANI', '20S01', 'Sistem Informasi'),
('2002022', 'LANGGENG PRASITIO', '20S01', 'Sistem Informasi'),
('2002023', 'LEZA KHAIRANI', '20S01', 'Sistem Informasi'),
('2002024', 'LISTY OKTAVIANI', '20S01', 'Sistem Informasi'),
('2002025', 'MHD. ADITIA NASUTION', '20S01', 'Sistem Informasi'),
('2002026', 'MUHAMMAD ALFAHRIZI LUBIS', '20S01', 'Sistem Informasi'),
('2002027', 'MUHAMMAD KURNIAWANSYAH', '20S01', 'Sistem Informasi'),
('2002029', 'NINING SASTIKA', '20S01', 'Sistem Informasi'),
('2002031', 'RAFIQOTUL HUSNA', '20S01', 'Sistem Informasi'),
('2002032', 'RAICHAN SEPTIONO', '20S01', 'Sistem Informasi'),
('2002033', 'RAIHANA FITRI AULIA', '20S01', 'Sistem Informasi'),
('2002034', 'RAZALFA AINDI SIREGAR', '20S01', 'Sistem Informasi'),
('2002035', 'RIKA SETIANA', '20S01', 'Sistem Informasi'),
('2002036', 'RIZKI AJI WINATA', '20S01', 'Sistem Informasi'),
('2002037', 'SANDY ERLANGGA', '20S01', 'Sistem Informasi'),
('2002038', 'SAPUTRA RAMADANI', '20S01', 'Sistem Informasi'),
('2002040', 'SITI HAFSYAH HAMIDAH', '20S01', 'Sistem Informasi'),
('2002042', 'SULTAN SYAH TANJUNG', '20S01', 'Sistem Informasi'),
('2002043', 'TEGAR ANANTA SEMBIRING ', '20S01', 'Sistem Informasi'),
('2002044', 'TEZIRA PUSPITA ', '20S01', 'Sistem Informasi'),
('2002045', 'WANDA JEN ALFRANSA', '20S01', 'Sistem Informasi'),
('2002046', 'WIDYA TRY TARADIPA', '20S01', 'Sistem Informasi'),
('2002047', 'YORI', '20S01', 'Sistem Informasi'),
('2002048', 'ZAHRA NUR ATTHIYAH', '20S01', 'Sistem Informasi'),
('2002049', 'ABDI YAHYA', '20S02', 'Sistem Informasi'),
('2002050', 'ADE LARASATI', '20S02', 'Sistem Informasi'),
('2002051', 'ADINDA FRIZY PRAMESTI', '20S02', 'Sistem Informasi'),
('2002053', 'ALVIN ABIDI HARJA', '20S03', 'Sistem Informasi'),
('2002054', 'ANANDA NAULI', '20S02', 'Sistem Informasi'),
('2002055', 'APRYAN SYAHPUTRA', '20S02', 'Sistem Informasi'),
('2002056', 'BAGAS BASCORO', '20S02', 'Sistem Informasi'),
('2002057', 'BAGAS PRAYOGA ', '20S02', 'Sistem Informasi'),
('2002058', 'BOBI PRANATA YUDA SIREGAR', '21S03', 'Sistem Informasi'),
('2002059', 'CAROLINA GULTOM', '20S02', 'Sistem Informasi'),
('2002060', 'DESTI ALDANIA', '20S01', 'Sistem Informasi'),
('2002061', 'DEVI ARINI', '20S02', 'Sistem Informasi'),
('2002062', 'DINDA RIZKI BATUBARA', '20S02', 'Sistem Informasi'),
('2002063', 'DWI ANGGRAINI ', '20S02', 'Sistem Informasi'),
('2002064', 'ERHAN SAYU FERDIANSYA', '20S02', 'Sistem Informasi'),
('2002065', 'FERI FAHREZA', '20S02', 'Sistem Informasi'),
('2002067', 'FIQI ARDIANSYAH', '20S02', 'Sistem Informasi'),
('2002068', 'GALUH ARIFAH', '20S02', 'Sistem Informasi'),
('2002069', 'GILANG ALFAHRIZA', '20S02', 'Sistem Informasi'),
('2002070', 'HARDI JONATAN SIMANJUNTAK', '20S02', 'Sistem Informasi'),
('2002071', 'INTAN BEAUTI', '20S02', 'Sistem Informasi'),
('2002072', 'IRA FATMAWATI', '20S02', 'Sistem Informasi'),
('2002073', 'IRVAN BERKAT FATMAN ZENDRATO', '20S02', 'Sistem Informasi'),
('2002075', 'MUHAIMIN ARIF', '20S02', 'Sistem Informasi'),
('2002076', 'MUHAMMAD ABDUL AZIZ', '21S01', 'Sistem Informasi'),
('2002077', 'MUHAMMAD DIMAS AZHAR', '20S01', 'Sistem Informasi'),
('2002078', 'MUHAMMAD IQBAL MAULANA', '20S03', 'Sistem Informasi'),
('2002079', 'NADYA ANGGRAINI ', '20S02', 'Sistem Informasi'),
('2002080', 'NUR AZIZAH LUBIS ', '20S02', 'Sistem Informasi'),
('2002081', 'NURUL HIDAYAH SIANIPAR', '20S02', 'Sistem Informasi'),
('2002082', 'RAHMI SALIS', '20S02', 'Sistem Informasi'),
('2002083', 'RENNY AFNILA SARY', '20S01', 'Sistem Informasi'),
('2002084', 'RIA AYU WINDURA ', '20S02', 'Sistem Informasi'),
('2002085', 'RICA RAMADANA', '20S02', 'Sistem Informasi'),
('2002086', 'RIZKI ANNISA PUTRI', '20S02', 'Sistem Informasi'),
('2002088', 'SINDI ARINI DAMANIK', '20S03', 'Sistem Informasi'),
('2002089', 'SINTIA ARNIANSYAH PITRI', '20S02', 'Sistem Informasi'),
('2002091', 'TIARA WULANDARI', '20S02', 'Sistem Informasi'),
('2002092', 'YEHEZKIEL GRAHAM SIMORANGKIR', '20S02', 'Sistem Informasi'),
('2002093', 'YOEL LAURENT GIOVANNY PURBA', '20S02', 'Sistem Informasi'),
('2002094', 'YULIFAH TRI HASNI', '20S01', 'Sistem Informasi'),
('2002095', 'YUZI SANJANU', '20S02', 'Sistem Informasi'),
('2002096', 'ABDUL MALIK AKHYAR', '20S03', 'Sistem Informasi'),
('2002097', 'ADLI SEFIAH', '20S03', 'Sistem Informasi'),
('2002099', 'AHMAD IMAM BRIPIKA KURNIAWAN', '20S03', 'Sistem Informasi'),
('2002100', 'AHMAD RAYHAN OTTAY', '20S03', 'Sistem Informasi'),
('2002102', 'ARYA YUZRI PRATAMA', '20S03', 'Sistem Informasi'),
('2002105', 'DEBY WULANDARI SIMANJUNTAK', '20S03', 'Sistem Informasi'),
('2002106', 'DEVI KHAIRANI', '20S03', 'Sistem Informasi'),
('2002107', 'DEWI FAJAR AYU', '20S03', 'Sistem Informasi'),
('2002109', 'DIAZ PUTRI AZHARI', '20S03', 'Sistem Informasi'),
('2002110', 'ESAU PRIMA TARIGAN ', '20S03', 'Sistem Informasi'),
('2002111', 'FACHRUL ABDI', '20S03', 'Sistem Informasi'),
('2002112', 'FAUZIAH ARSIH ', '20S03', 'Sistem Informasi'),
('2002113', 'FEBRIANTI', '20S03', 'Sistem Informasi'),
('2002115', 'HABIB FADHIL NASUTION ', '20S03', 'Sistem Informasi'),
('2002116', 'ILHAM PRATAMA', '20S03', 'Sistem Informasi'),
('2002117', 'MARTHIN MANULLANG ', '20S03', 'Sistem Informasi'),
('2002118', 'MAULANA SANJAYA', '20S03', 'Sistem Informasi'),
('2002119', 'MICHAEL DIAN PRATAMA DASUHA', '20S03', 'Sistem Informasi'),
('2002121', 'MUHAMMAD IQBAL RIVAI', '20S03', 'Sistem Informasi'),
('2002122', 'MUHAMMAD NAUFAL ILMI LUBIS ', '20S03', 'Sistem Informasi'),
('2002123', 'MUHAMMAD ZIKRY ASYARI', '20S03', 'Sistem Informasi'),
('2002125', 'NURHALIZAH TANJUNG', '20S03', 'Sistem Informasi'),
('2002126', 'PUSPITA DEWI AMBARA', '20S03', 'Sistem Informasi'),
('2002127', 'PUTRA GREGORIUS SIHOTANG', '20S03', 'Sistem Informasi'),
('2002128', 'RIRIN ARDILLA ', '20S03', 'Sistem Informasi'),
('2002129', 'ROY ALEXANDER SIBUEA', '20S03', 'Sistem Informasi'),
('2002131', 'SEBASTIAN PANGGABEAN', '20S03', 'Sistem Informasi'),
('2002132', 'SHEVIE DININGRUM RAHAYU', '20S03', 'Sistem Informasi'),
('2002133', 'SITI NUR AYUNI', '20S03', 'Sistem Informasi'),
('2002134', 'SURYA ALDI PRAYOGA', '20S03', 'Sistem Informasi'),
('2002135', 'SYAIFUL AMRI ', '20S03', 'Sistem Informasi'),
('2002136', 'TRI AYU MENTARI NASUTION ', '20S03', 'Sistem Informasi'),
('2002137', 'TRIAN SYAHRUL RAMADHAN', '20S03', 'Sistem Informasi'),
('2002138', 'YOGA NUGRAHA HADITAMA', '20S03', 'Sistem Informasi'),
('2002139', 'YONITA NANDA SIREGAR ', '20S03', 'Sistem Informasi'),
('2002140', 'YUDA YUWANDA', '21S05', 'Sistem Informasi'),
('2002153', 'KHAIRIL MANSYAH SIRAIT', '20S03', 'Sistem Informasi'),
('202001030060', 'RUBENHANS MARULITUA SIHOMBING ', '21M03', 'Manajemen Informatika'),
('202001030079', 'ROMY RAIS PATI SEMBIRING', '21M03', 'Manajemen Informatika'),
('202101030003', 'DESY RAHMA DAMANIK', '21M01', 'Manajemen Informatika'),
('202101030004', 'DITA RIS MAULANI ', '21M01', 'Manajemen Informatika'),
('202101030005', 'GIPA DAYANSI', '21M01', 'Manajemen Informatika'),
('202101030006', 'MAYKEL BINSAR', '21M01', 'Manajemen Informatika'),
('202101030007', 'MHD ARIFANDI WIRATATA UNIVA', '21M01', 'Manajemen Informatika'),
('202101030008', 'MUHAMMAD ILHAM AULIA', '21M01', 'Manajemen Informatika'),
('202101030009', 'NAHASON GABRIEL SIALLAGAN', '21M01', 'Manajemen Informatika'),
('202101030010', 'SALWA ADINDA APRILIA SILITONGA', '21M01', 'Manajemen Informatika'),
('202101030013', 'SITI NURHALIZAH', '21M01', 'Manajemen Informatika'),
('202101030014', 'SRI FADILAH LUBIS', '21M01', 'Manajemen Informatika'),
('202101030015', 'SRI PUTRI WULAN ANDRIANI', '21M01', 'Manajemen Informatika'),
('202101030017', 'UMMI DIANA ', '21M01', 'Manajemen Informatika'),
('202101030018', 'WAHYU RAMADHAN', '21M01', 'Manajemen Informatika'),
('202101030020', 'YOSUA MANGIHUT PANDAPOTAN SIMANJUNTAK', '21M01', 'Manajemen Informatika'),
('202101030021', 'ABU TALHA', '21M03', 'Manajemen Informatika'),
('202101030025', 'LISA SUNITA', '21M01', 'Manajemen Informatika'),
('202101030028', 'PATRICK ARYAN PRATAMA SIMANJORANG', '21M01', 'Manajemen Informatika'),
('202101030029', 'PULIH BERKATI', '21M01', 'Manajemen Informatika'),
('202101030030', 'RAMAIDO SIRAIT ', '21M03', 'Manajemen Informatika'),
('202101030031', 'RICHKY LIHARDI HALOHO', '21M03', 'Manajemen Informatika'),
('202101030033', 'TANTRI RAHAYU', '21M01', 'Manajemen Informatika'),
('202101030034', 'WILLIAM PARASIAN NADEAK', '21M03', 'Manajemen Informatika'),
('202101030035', 'ANITA SUKA SIHALOHO ', '21M01', 'Manajemen Informatika'),
('202101030037', 'DOMESTO G. HASIBUAN', '21M03', 'Manajemen Informatika'),
('202101030038', 'DWI RAHMAD MASURI', '21M03', 'Manajemen Informatika'),
('202101030039', 'FADIYAH RIZKI SALSABILA', '21M03', 'Manajemen Informatika'),
('202101030040', 'FUDAN ARDIANSYAH HASIBUAN', '21M03', 'Manajemen Informatika'),
('202101030041', 'JESSICA MARGARET TANJUNG', '21M03', 'Manajemen Informatika'),
('202101030042', 'LARAS NOOR ASYIKIN', '21M03', 'Manajemen Informatika'),
('202101030043', 'RACHMAD HIDAYAH', '21M03', 'Manajemen Informatika'),
('202101030044', 'RIZKI AMAL ', '21M03', 'Manajemen Informatika'),
('202101030045', 'SRI MUTIARA SIAHAAN', '21M03', 'Manajemen Informatika'),
('202101030046', 'TIA KHAIRUNISA ', '21M03', 'Manajemen Informatika'),
('202101030047', 'WINDA WAHYUNI', '21M01', 'Manajemen Informatika'),
('202101030048', 'PIO MARIO GINTING', '21M01', 'Manajemen Informatika'),
('202101030050', 'LIZA IRMA FRISCILA SIHITE', '21M01', 'Manajemen Informatika'),
('202102030001', 'ARMANSYAH E.P.SITUMORANG', '21K01', 'Komputerisasi Akuntansi'),
('202102030002', 'BINTANG MAHARANI', '21K01', 'Komputerisasi Akuntansi'),
('202102030003', 'DESI SHINTAWATI', '21K01', 'Komputerisasi Akuntansi'),
('202102030004', 'DETAMA TRYANA SITOPU', '21K01', 'Komputerisasi Akuntansi'),
('202102030005', 'FITRI CHOIRIYAH', '21K01', 'Komputerisasi Akuntansi'),
('202102030006', 'INDRI ADELLA HARTANTI SIMATUPANG', '21K01', 'Komputerisasi Akuntansi'),
('202102030007', 'MATHIAS FRANS SAMOSIR', '21K01', 'Komputerisasi Akuntansi'),
('202102030009', 'PUTRI LESTARI', '21K01', 'Komputerisasi Akuntansi'),
('2101001', 'ADELIA PUTRI ', '21T01', 'Teknik Informatika'),
('2101002', 'ADITYA RIFKI LUBIS', '21T01', 'Teknik Informatika'),
('2101003', 'ALDO LEWIS PARLINDUNGAN MANURUNG', '21T01', 'Teknik Informatika'),
('2101004', 'ALENA WIDYA NINGRUM', '21T03', 'Teknik Informatika'),
('2101005', 'ALPIKI PAHRIZA', '21T01', 'Teknik Informatika'),
('2101006', 'BAYU ISWANDI', '21T01', 'Teknik Informatika'),
('2101008', 'CHOIRUL HAKIMI', '21T01', 'Teknik Informatika'),
('2101009', 'DANIEL JOHANNES MANIK', '21T01', 'Teknik Informatika'),
('2101010', 'DHEJA ARDIANSYAH', '21T01', 'Teknik Informatika'),
('2101011', 'DIMAS TRIANDA', '21T01', 'Teknik Informatika'),
('2101012', 'DINDA CARISSA ARISHANDY', '21T01', 'Teknik Informatika'),
('2101014', 'FAHRY PERDANA KESUMA', '21T01', 'Teknik Informatika'),
('2101015', 'GINANTI RISKI', '21T03', 'Teknik Informatika'),
('2101017', 'HERVITA ANZANI SITUMORANG', '21T01', 'Teknik Informatika'),
('2101018', 'IFAN DANU TIRTA', '21T01', 'Teknik Informatika'),
('2101019', 'IMELDI SINTAGEL BR. SIANIPAR', '21T01', 'Teknik Informatika'),
('2101020', 'ISTANDI RAMADHANA PURBA', '21T01', 'Teknik Informatika'),
('2101021', 'JAYA', '21T01', 'Teknik Informatika'),
('2101022', 'JENI SUGIANDI', '21T01', 'Teknik Informatika'),
('2101023', 'JESSICA EVONELLA NAPITUPULU', '21T01', 'Teknik Informatika'),
('2101024', 'LEONARDO HUTAPEA', '21T01', 'Teknik Informatika'),
('2101025', 'LINTANG LANTANG JAGAD ANARKI', '21T01', 'Teknik Informatika'),
('2101026', 'MANUEL PUTRA DEAR SILALAHI', '21T01', 'Teknik Informatika'),
('2101027', 'MUHAMMAD AKBAR PRAWIRA', '21T01', 'Teknik Informatika'),
('2101029', 'MUHAMMAD RAHMANSYAH SIREGAR', '21T01', 'Teknik Informatika'),
('2101030', 'MUHAMMAD RAQIB SYAHKUR', '21T01', 'Teknik Informatika'),
('2101032', 'MUHAMMAD UBAI DILLAH FAQIH', '21T01', 'Teknik Informatika'),
('2101033', 'REFLY NATALIUS NABABAN', '21T01', 'Teknik Informatika'),
('2101034', 'REZKY RAMADHAN RAFEYZA ', '21T01', 'Teknik Informatika'),
('2101035', 'RIZA HARISANDY AKBAR', '21T01', 'Teknik Informatika'),
('2101036', 'RONALD MALDIN CAESAR SIMANJUNTAK', '21T01', 'Teknik Informatika'),
('2101037', 'SALOMO MARUDUT PANDAPOTAN SITORUS', '21T01', 'Teknik Informatika'),
('2101038', 'SAPTANTONA SIMANJUNTAK', '21T01', 'Teknik Informatika'),
('2101039', 'TRI YUNITA', '21T01', 'Teknik Informatika'),
('2101040', 'UMAR SAYYID', '21T01', 'Teknik Informatika'),
('2101041', 'AHMAD AZIZ SINAGA', '21T02', 'Teknik Informatika'),
('2101043', 'ANGGI SAMUEL SIBARANI', '21T02', 'Teknik Informatika'),
('2101045', 'FRANSISKUS ZEBUA ', '21T02', 'Teknik Informatika'),
('2101046', 'HABSAH KHODIJAH ', '21T02', 'Teknik Informatika'),
('2101047', 'MALIK ABDUL AZIS ', '21T02', 'Teknik Informatika'),
('2101048', 'MASLIZA', '21T02', 'Teknik Informatika'),
('2101050', 'RIZWAN FAHRIJAL', '21T02', 'Teknik Informatika'),
('2101051', 'SYAHIDAN NUARI', '21T02', 'Teknik Informatika'),
('2101052', 'TOMMY JONATHAN SINAGA', '21T02', 'Teknik Informatika'),
('2101055', 'ANGGI PRADINATA', '21T03', 'Teknik Informatika'),
('2101057', 'ARIF PRAYOGA ', '21T03', 'Teknik Informatika'),
('2101058', 'FEBRIAN DWI SAPTA', '21T03', 'Teknik Informatika'),
('2101059', 'INDRI AINUR ROHIMAH', '21T03', 'Teknik Informatika'),
('2101060', 'KETRIN JAYANTA PERANGIN ANGIN', '21T03', 'Teknik Informatika'),
('2101061', 'KEVIN CHANIA ANGELINA SIJABAT', '21T03', 'Teknik Informatika'),
('2101062', 'M. AZHARI', '21T03', 'Teknik Informatika'),
('2101063', 'M.MIRZA AFIQAH ', '21T03', 'Teknik Informatika'),
('2101064', 'MUHAMMAD ZAKY FUADI ', '21T03', 'Teknik Informatika'),
('2101065', 'NICO SAPUTRA SINAGA', '21T03', 'Teknik Informatika'),
('2101066', 'RAFIKI AKBAR', '21T03', 'Teknik Informatika'),
('2101067', 'RAIHAN NAUFAL', '21T03', 'Teknik Informatika'),
('2101068', 'RAMADHAN ERLANGGA UTAMA', '21T03', 'Teknik Informatika'),
('2101070', 'ALEX FERNANDO MUNTHE', '21T01', 'Teknik Informatika'),
('2101073', 'RIZKI ADITAMA', '21T03', 'Teknik Informatika'),
('2101074', 'JOHANNES SONANG BUTAR-BUTAR', '21T03', 'Teknik Informatika'),
('2102001', 'ADITHYA RICO ANANDA', '21S02', 'Sistem Informasi'),
('2102002', 'AMAR HUSNI', '21S01', 'Sistem Informasi'),
('2102003', 'AMELIA PUTRI NASUTION', '21S01', 'Sistem Informasi'),
('2102004', 'ANDI EKA SAPUTRA', '21S01', 'Sistem Informasi'),
('2102005', 'ANDINI', '21S01', 'Sistem Informasi'),
('2102007', 'BAGAS FARHAN CHOIR NUGROHO ', '21S01', 'Sistem Informasi'),
('2102008', 'CANTIKA AUDI BR.DAMANIK', '21S01', 'Sistem Informasi'),
('2102009', 'CHIKO WIRANDI ', '21S05', 'Sistem Informasi'),
('2102010', 'CHRYSTINA HERYANI SILALAHI', '21S01', 'Sistem Informasi'),
('2102011', 'CINDI HALIZA PUTRI', '21S01', 'Sistem Informasi'),
('2102012', 'CINDY ANISA PUA. S. MANIHURUK', '21S01', 'Sistem Informasi'),
('2102013', 'DEBORA GREACE LUBIS', '21S01', 'Sistem Informasi'),
('2102014', 'DEWI FISYAHRI INAYATI', '21S01', 'Sistem Informasi'),
('2102015', 'DHINI ARIANI', '21S01', 'Sistem Informasi'),
('2102016', 'DIAH RIZHANAS', '21S01', 'Sistem Informasi'),
('2102017', 'DINI APRILLIA', '21S01', 'Sistem Informasi'),
('2102018', 'DIPRI IRFANDI', '21S01', 'Sistem Informasi'),
('2102019', 'FADHILA AZZAHRA TAMBUNAN', '21S01', 'Sistem Informasi'),
('2102020', 'FAHRI AFIF LESMANA', '21S06', 'Sistem Informasi'),
('2102021', 'FARAH YUSNY SARAGIH', '21S01', 'Sistem Informasi'),
('2102022', 'FARIZ ALFARIZI', '21S01', 'Sistem Informasi'),
('2102023', 'HAZHA HIKMAH ASYIFAH', '21S01', 'Sistem Informasi'),
('2102024', 'IKHSAN HANAFI ', '21S05', 'Sistem Informasi'),
('2102025', 'INDAR PRATIWI', '21S01', 'Sistem Informasi'),
('2102026', 'JAYA PUTRA SARAGIH', '21S01', 'Sistem Informasi'),
('2102027', 'JOSUA KEVIN HASIBUAN', '21S01', 'Sistem Informasi'),
('2102028', 'JUITA MIKHA HUTAHAEAN ', '21S01', 'Sistem Informasi'),
('2102029', 'KRISTINA WIJAYA SINAGA', '21S01', 'Sistem Informasi'),
('2102030', 'MUHAMMAD SABDA SHAH ALAM HASIBUAN', '21S01', 'Sistem Informasi'),
('2102031', 'MUHAMMAD SUBHAN FADLY', '21S01', 'Sistem Informasi'),
('2102032', 'NI`MAH KHAIRUNNISA', '21S01', 'Sistem Informasi'),
('2102034', 'NIKO DAMANIK', '21S01', 'Sistem Informasi'),
('2102035', 'NISA AL RISTA ', '21S01', 'Sistem Informasi'),
('2102036', 'NUR AINUN SIRAIT', '21S01', 'Sistem Informasi'),
('2102037', 'OLIVIA GALUH PRATIWI', '21S01', 'Sistem Informasi'),
('2102038', 'PRADNYA PARAMITHA CHANDRA ARIMURTI', '21S01', 'Sistem Informasi'),
('2102039', 'RAFLI AL MAJID', '21S01', 'Sistem Informasi'),
('2102040', 'RAHMADIA', '21S01', 'Sistem Informasi'),
('2102041', 'RENDIE PRATAMA', '21S01', 'Sistem Informasi'),
('2102042', 'RIDO SYAHPUTRA SILABAN', '21S01', 'Sistem Informasi'),
('2102043', 'SAHRI RAMADHAN ', '21S01', 'Sistem Informasi'),
('2102044', 'SALMAN ALFARISI', '21S01', 'Sistem Informasi'),
('2102045', 'SITI NURHALIJAH', '21S01', 'Sistem Informasi'),
('2102047', 'VIVI SYAHANI', '21S01', 'Sistem Informasi'),
('2102048', 'VYOLA DWI CAHYA ', '21S01', 'Sistem Informasi'),
('2102049', 'ABI RHENU AL SYAIB', '21S02', 'Sistem Informasi'),
('2102051', 'AFRILIYANTI SINAGA', '21S02', 'Sistem Informasi'),
('2102054', 'CHAIRUNISYA PUTRI', '21S02', 'Sistem Informasi'),
('2102055', 'DEA PUTRI SHALSABILA SIREGAR', '21S02', 'Sistem Informasi'),
('2102056', 'DICKY RAMADHAN ', '21S02', 'Sistem Informasi'),
('2102057', 'DICKY WAHYUDA SARAGIH', '21S02', 'Sistem Informasi'),
('2102058', 'DINDA PADINI', '21S02', 'Sistem Informasi'),
('2102059', 'DINDA SILVANA MELISKA', '21S02', 'Sistem Informasi'),
('2102060', 'FADLAN FIQRI FAUZAN ', '21S02', 'Sistem Informasi'),
('2102061', 'FIMIYAH ULFA AZZAHRA LUBIS', '21S05', 'Sistem Informasi'),
('2102062', 'HALIZA HARAHAP ', '21S06', 'Sistem Informasi'),
('2102063', 'HALIZA MUFARIDAH', '21S02', 'Sistem Informasi'),
('2102064', 'HARRY NAPININDO PURBA', '21S02', 'Sistem Informasi'),
('2102065', 'HILMAN SINAGA', '21S02', 'Sistem Informasi'),
('2102066', 'INAL RIDO LUBIS ', '21S02', 'Sistem Informasi'),
('2102067', 'INTAN NUR AMALIA ', '21S02', 'Sistem Informasi'),
('2102068', 'IQMAL HARDIANSYAH', '21S06', 'Sistem Informasi'),
('2102071', 'KHAIRUNNISA', '21S02', 'Sistem Informasi'),
('2102072', 'MARIA WITA KRISTINA', '21S02', 'Sistem Informasi'),
('2102073', 'MARSHA RIFAH SYAZWINA', '21S02', 'Sistem Informasi'),
('2102074', 'MAULINA DWI ROHILAWANI', '21S02', 'Sistem Informasi'),
('2102075', 'MUHAMMAD FAHRI LUBIS', '21S02', 'Sistem Informasi'),
('2102076', 'MUHAMMAD HASYIR WAIZ HARAHAP', '21S02', 'Sistem Informasi'),
('2102077', 'MUHAMMAD HERI SANJAYA', '21S02', 'Sistem Informasi'),
('2102078', 'MUHAMMAD IQRAM', '21S06', 'Sistem Informasi'),
('2102079', 'MUHAMMAD NANDA PERWIRA ', '21S02', 'Sistem Informasi'),
('2102080', 'NOVI ANGGRA JUNA SIREGAR', '21S02', 'Sistem Informasi'),
('2102081', 'NURAINI', '21S02', 'Sistem Informasi'),
('2102082', 'NURHALIZAH BATUBARA', '21S02', 'Sistem Informasi'),
('2102083', 'NURUL VAUZIA ', '21S06', 'Sistem Informasi'),
('2102084', 'RAHMAD DANIL SYAHRUDI DAMANIK', '21S02', 'Sistem Informasi'),
('2102085', 'RAMA PRAMUDITA NASUTION', '21S02', 'Sistem Informasi'),
('2102086', 'RANI MANUELA SIMATUPANG', '21S02', 'Sistem Informasi'),
('2102087', 'RENDY ANANTA ', '21S02', 'Sistem Informasi'),
('2102088', 'RISKA ARDILA NASUTION ', '21S02', 'Sistem Informasi'),
('2102089', 'RISTY ANDINI NASUTION', '21S04', 'Sistem Informasi'),
('2102090', 'SHERLINA CINTIYA DEWI', '21S02', 'Sistem Informasi'),
('2102091', 'STEVANI PRENCELLA MANALU', '21S02', 'Sistem Informasi'),
('2102092', 'SUCI LIANA', '21S06', 'Sistem Informasi'),
('2102093', 'SYAHRIAN NURVALDI KESUMA', '21S02', 'Sistem Informasi'),
('2102094', 'VIDRA ANASTASIA SIMBOLON', '21S04', 'Sistem Informasi'),
('2102095', 'WAHID HAMBALI', '21S02', 'Sistem Informasi'),
('2102096', 'ZIDAN AGIL DWIRA NASUTION', '21S02', 'Sistem Informasi'),
('2102098', 'AGNES GUNARTY TINDAON', '21S02', 'Sistem Informasi'),
('2102099', 'ALDI AKBAR SIREGAR', '21S05', 'Sistem Informasi'),
('2102100', 'ALDI JONATHAN SIAGIAN ', '21S02', 'Sistem Informasi'),
('2102101', 'ALVIN ALFIDO', '21S03', 'Sistem Informasi'),
('2102102', 'ALVINA DAMANIK', '21S03', 'Sistem Informasi'),
('2102103', 'ALWI QORI', '21S03', 'Sistem Informasi'),
('2102104', 'ALYSHA TRIVENA MANURUNG', '21S02', 'Sistem Informasi'),
('2102105', 'ANASSTASYA PANGARIBUAN', '21S05', 'Sistem Informasi'),
('2102107', 'ANNISA AMALIA', '21S03', 'Sistem Informasi'),
('2102108', 'BAGUS ARYA ATMAJA', '21S03', 'Sistem Informasi'),
('2102109', 'BRYAN RICARDO SILALAHI', '21S03', 'Sistem Informasi'),
('2102111', 'DENNY CANDRA', '21S03', 'Sistem Informasi'),
('2102112', 'FAHRITAMA PATILANI NASUTION', '21S03', 'Sistem Informasi'),
('2102113', 'FARAH FAUZIAH', '21S03', 'Sistem Informasi'),
('2102114', 'FAUZAN AZIMA', '21S05', 'Sistem Informasi'),
('2102115', 'GERY SAMUEL GULTOM', '21S03', 'Sistem Informasi'),
('2102116', 'GITA DEBY SONYA', '21S03', 'Sistem Informasi'),
('2102117', 'HAIKAL SYAUQI AL HASBY', '21S03', 'Sistem Informasi'),
('2102118', 'HAIKAL WIRANATA PURBA', '21S03', 'Sistem Informasi'),
('2102119', 'HAZIRAH AZRAH KELIAT', '21S03', 'Sistem Informasi'),
('2102120', 'HERLI SURIYANI SIAGIAN', '21S03', 'Sistem Informasi'),
('2102121', 'INDRI SAKINAH PINEM ', '21S03', 'Sistem Informasi'),
('2102123', 'JHON HANSEN MANURUNG', '21S03', 'Sistem Informasi'),
('2102124', 'JINGGA ANGGREINI KUMORO', '21S03', 'Sistem Informasi'),
('2102125', 'JOEL PARDAMEAN SIALLAGAN', '21S03', 'Sistem Informasi'),
('2102126', 'KHAFIFAH DWI MEILIANASARI ', '21S03', 'Sistem Informasi'),
('2102127', 'MUHAMMAD FARHAN ', '21S03', 'Sistem Informasi'),
('2102128', 'NADYA ', '21S03', 'Sistem Informasi'),
('2102129', 'NOVA INTAN ANGGRAINI BATUBARA', '21S03', 'Sistem Informasi'),
('2102130', 'NOVI ALMAS ANGGRAINI BATUBARA', '21S03', 'Sistem Informasi'),
('2102131', 'NOVI HARIYANTI', '21S03', 'Sistem Informasi'),
('2102132', 'NOVITA NURDIANA SARAGIH', '21S03', 'Sistem Informasi'),
('2102133', 'PUTRA WARDANA', '21S02', 'Sistem Informasi'),
('2102134', 'RISKY SEPTIANI ', '21S02', 'Sistem Informasi'),
('2102136', 'SITI HAJAR SIAGIAN', '21S03', 'Sistem Informasi'),
('2102137', 'SYDAH WANJU ', '21S03', 'Sistem Informasi'),
('2102138', 'TRI WAHYUNI', '21S03', 'Sistem Informasi'),
('2102139', 'USWATUN HASANAH', '21S03', 'Sistem Informasi'),
('2102140', 'YOLANDA ARORA LESMANA', '21S03', 'Sistem Informasi'),
('2102142', 'ANDREAS HALASSON SIRAIT ', '21S04', 'Sistem Informasi'),
('2102143', 'ARDRYAN ABIGAEL SARAGIH', '21S04', 'Sistem Informasi'),
('2102144', 'ARIO DAMAR PRIADI', '21S04', 'Sistem Informasi'),
('2102146', 'BRIYAN ADI SILALAHI', '21S04', 'Sistem Informasi'),
('2102150', 'DEVIN GIBRAN SIHITE ', '21S04', 'Sistem Informasi'),
('2102151', 'DIANDRA MASAYU PUTRI', '21S04', 'Sistem Informasi'),
('2102152', 'EKA FADILLAH', '21S06', 'Sistem Informasi'),
('2102153', 'ELA PERMATA SARI ', '21S06', 'Sistem Informasi'),
('2102154', 'FAIZ MUARIF', '21S04', 'Sistem Informasi'),
('2102155', 'FAUZIAH MAWADDAH PANJAITAN', '21S04', 'Sistem Informasi'),
('2102156', 'FENNY FENESSA PARDEDE', '21S04', 'Sistem Informasi'),
('2102158', 'HUGO PERDANA NASUTION', '21S06', 'Sistem Informasi'),
('2102159', 'IMAM FAJAR AZHARI', '21S06', 'Sistem Informasi'),
('2102161', 'INDAH FADILA SARI', '21S04', 'Sistem Informasi'),
('2102162', 'INDRIANI RAMADHONA', '21S04', 'Sistem Informasi'),
('2102163', 'IVAN AFFANDI', '21S04', 'Sistem Informasi'),
('2102164', 'JESSICA CRESENSIA RUMONDANG TAMPUBOLON ', '21S04', 'Sistem Informasi'),
('2102165', 'JOY LASRO PURBA', '21S04', 'Sistem Informasi'),
('2102167', 'MARISA HERIYANTI ', '21S04', 'Sistem Informasi'),
('2102169', 'MUHAMMAD BACHRIN ANWAR HARAHAP', '21S04', 'Sistem Informasi'),
('2102170', 'MUTIARA ANDINI SARAGIH', '21S04', 'Sistem Informasi'),
('2102171', 'NAURAH UZDAH HUTAGALUNG', '21S04', 'Sistem Informasi'),
('2102172', 'QUROTUL AINUN', '21S04', 'Sistem Informasi'),
('2102173', 'RAHMAT SURYA', '21S04', 'Sistem Informasi'),
('2102174', 'RAYHAN WIJAYA PRATAMA', '21S04', 'Sistem Informasi'),
('2102175', 'REIHAN ZULFAHMI', '21S04', 'Sistem Informasi'),
('2102176', 'RENNI FITRIANI ', '21S04', 'Sistem Informasi'),
('2102177', 'RISKITA AL KHAIRIYAH', '21S04', 'Sistem Informasi'),
('2102180', 'SAUFI WARDANA', '21S05', 'Sistem Informasi'),
('2102181', 'SOVIA VEPIOLA SIAHAAN', '21S04', 'Sistem Informasi'),
('2102182', 'STENDLI DANUARTA HUTABARAT', '21S04', 'Sistem Informasi'),
('2102183', 'SYAHFITRI ', '21S04', 'Sistem Informasi'),
('2102184', 'SYAHIDAH SUMAYYAH LUBIS', '21S04', 'Sistem Informasi'),
('2102185', 'WULAN ARISKA DEWI', '21S04', 'Sistem Informasi'),
('2102186', 'ALFI TRI YANTO', '21S05', 'Sistem Informasi'),
('2102188', 'ANGGRIAMAN PURBA', '21S05', 'Sistem Informasi'),
('2102189', 'DARWIN NATHANIEL', '21S03', 'Sistem Informasi'),
('2102190', 'FIRMANDO OMPUSUNGGU', '21S05', 'Sistem Informasi'),
('2102191', 'MUHAMMAD SOFIAN RIZAL SARAGIH ', '21S05', 'Sistem Informasi'),
('2102192', 'MUHAMMAD ZEIN HAFIS SINAGA ', '21S05', 'Sistem Informasi'),
('2102193', 'NIKO ADISTIRA ', '21S05', 'Sistem Informasi'),
('2102194', 'NOLA RELENSIA PAKPAHAN ', '21S05', 'Sistem Informasi'),
('2102195', 'NURHASANAH', '21S05', 'Sistem Informasi'),
('2102196', 'NURHOLIS NASUTION', '21S05', 'Sistem Informasi'),
('2102197', 'NURROHIMAH', '21S05', 'Sistem Informasi'),
('2102198', 'RIBKA GABRIELA SIHOMBING', '21S02', 'Sistem Informasi'),
('2102199', 'RIDHO FADILAH', '21S05', 'Sistem Informasi'),
('2102200', 'RIDHO MAULANA SARAGI', '21S05', 'Sistem Informasi'),
('2102201', 'RIDHO SAPUTRA', '21S05', 'Sistem Informasi'),
('2102202', 'RIDUWAN ALEXANDRO PANDIANGAN ', '21S05', 'Sistem Informasi'),
('2102205', 'TIMOTIUS ZENDRATO', '21S05', 'Sistem Informasi'),
('2102206', 'TRI MITA SILVANY', '21S05', 'Sistem Informasi'),
('2102207', 'ULAYYA SHAHIBAH', '21S05', 'Sistem Informasi'),
('2102208', 'WAHDINI HAYATI', '21S05', 'Sistem Informasi'),
('2102209', 'WAHYU FIRMANSYAH PURBA', '21S05', 'Sistem Informasi'),
('2102210', 'WINNI MAY FANI SIREGAR', '21S05', 'Sistem Informasi'),
('2102211', 'AHMAD YOGI PURBA', '21S06', 'Sistem Informasi'),
('2102212', 'ALWI KARTIANGGA', '21S06', 'Sistem Informasi'),
('2102213', 'AMNA SARI ALMAIDA DALIMUNTHE', '21S06', 'Sistem Informasi'),
('2102214', 'ANGGRIAN PRAMANA', '21S06', 'Sistem Informasi'),
('2102215', 'BAYU SETIAWAN', '21S06', 'Sistem Informasi'),
('2102216', 'DARWIS WILLIAM NAINGGOLAN', '21S01', 'Sistem Informasi'),
('2102217', 'DHIRA GANANG HABIEB', '21S06', 'Sistem Informasi'),
('2102218', 'DINI MAYSAROH', '21S06', 'Sistem Informasi'),
('2102219', 'FEBRI SEVENTIN', '21S06', 'Sistem Informasi'),
('2102220', 'FIQRIANSAH DWITAMA', '21S06', 'Sistem Informasi'),
('2102221', 'GALI AFRIANDA', '21S06', 'Sistem Informasi'),
('2102222', 'ILHAM RAJAGUKGUK', '21S06', 'Sistem Informasi'),
('2102223', 'IMAM AUZZARI PANE ', '21S06', 'Sistem Informasi'),
('2102224', 'JHONSON SUBASTIAN SIAGIAN', '21S06', 'Sistem Informasi'),
('2102225', 'LORIA ANGELINA M.TAMBA', '21S06', 'Sistem Informasi'),
('2102226', 'M. FARHAN AKBAR', '21S06', 'Sistem Informasi'),
('2102227', 'M. TAUFAN SEMBIRING', '21S06', 'Sistem Informasi'),
('2102228', 'MANAHARA SIBOAN TUA HUTAJULU', '21S06', 'Sistem Informasi'),
('2102229', 'MARISA AGNES SIMAMORA', '21S06', 'Sistem Informasi'),
('2102230', 'NABILA SARY HIDAYAH', '21S06', 'Sistem Informasi'),
('2102232', 'PUTRI RAMADHANI POHAN', '21S06', 'Sistem Informasi'),
('2102233', 'RAIHAN WIGATRA ', '21S06', 'Sistem Informasi'),
('2102234', 'REDICO WASINTON SIAGIAN', '21S06', 'Sistem Informasi'),
('2102236', 'WULAN PUTRI ATMAJA', '21S06', 'Sistem Informasi'),
('2102259', 'AZ-ZUKHRUF FAKHROZY ', '21S01', 'Sistem Informasi'),
('2102260', 'JODHI SETIAWAN', '21S03', 'Sistem Informasi'),
('2102261', 'NIKEN AULIA SHALSABILA', '21S05', 'Sistem Informasi'),
('2102264', 'DICKY FAHREZI DAMANIK ', '21S03', 'Sistem Informasi'),
('2102265', 'DIAN PURWANTI', '21S05', 'Sistem Informasi'),
('2102266', 'JUNITA ARI PRATIWI SIHOTANG', '21S04', 'Sistem Informasi'),
('2102270', 'FERY PADLI PRATAMA', '21S03', 'Sistem Informasi'),
('2102272', 'AGUNG BANJAR RIVALDI', '21S05', 'Sistem Informasi'),
('2201001', 'ELIA MALAU', '20T01', 'Teknik Informatika'),
('2201002', 'ABDUL GHANI ARDIANSYAH', '22T01', 'Teknik Informatika'),
('2201003', 'ALFONSIUS NICHOLAS SIMANJUNTAK', '22T03', 'Teknik Informatika'),
('2201004', 'ALYAH OCTAFIA ', '22T01', 'Teknik Informatika'),
('2201005', 'ANDIUS LASE', '22T03', 'Teknik Informatika'),
('2201007', 'ANGGA PRIANDI', '22T01', 'Teknik Informatika'),
('2201008', 'ANSHORI AZHARI SIREGAR', '22T01', 'Teknik Informatika'),
('2201009', 'AYU UTARI NASUTION', '22T01', 'Teknik Informatika'),
('2201010', 'BUNGA REHULINA SARAGIH', '22T01', 'Teknik Informatika'),
('2201011', 'DAI FARHAN DAMANIK', '22T01', 'Teknik Informatika'),
('2201012', 'DAMAR ARYA PRAYOGA ', '22T01', 'Teknik Informatika'),
('2201013', 'DANDI DWI PUTRA BATUBARA', '22T01', 'Teknik Informatika'),
('2201014', 'DIKA CHRYSTON PURBA ', '22T01', 'Teknik Informatika'),
('2201016', 'DIMAS PRAYOGI', '22T01', 'Teknik Informatika'),
('2201017', 'DWI SAFITRI RAMADHANI ', '22T01', 'Teknik Informatika'),
('2201018', 'EDRIC FIRJATULLAH', '22T01', 'Teknik Informatika'),
('2201019', 'EFCI YENG SINAGA', '22T01', 'Teknik Informatika'),
('2201020', 'EKO PRIMA AMBARITA', '22T01', 'Teknik Informatika'),
('2201021', 'FADILLAH RAHMA AULIA', '22T01', 'Teknik Informatika'),
('2201023', 'HEBA ELSISY FADLIA', '22T01', 'Teknik Informatika'),
('2201024', 'IKHWAN FACHRY UTAMA', '22T01', 'Teknik Informatika'),
('2201025', 'JACOB MANGATASI SIHOMBING', '22T03', 'Teknik Informatika'),
('2201026', 'JAI ARTO SIMARMATA', '22T01', 'Teknik Informatika'),
('2201027', 'JEN AUDITAMA HALOHO ', '22T01', 'Teknik Informatika'),
('2201028', 'JOSUA PASARIBU ', '22T01', 'Teknik Informatika'),
('2201030', 'M. ARIF Y. SINAGA', '22T01', 'Teknik Informatika'),
('2201031', 'M. ILHAM AZHARSUM', '22T01', 'Teknik Informatika'),
('2201033', 'MICHAEL KEVIN ARTADO SIHOMBING ', '22T01', 'Teknik Informatika'),
('2201034', 'NOVITA SARI SINAGA', '22T01', 'Teknik Informatika'),
('2201035', 'NURHIDAYANTI', '22T01', 'Teknik Informatika'),
('2201036', 'NURIPAN', '22T01', 'Teknik Informatika'),
('2201037', 'P.A.M. ZIDANE R.W.P.P ZER', '22T01', 'Teknik Informatika'),
('2201038', 'RIKO ILHAM NANDIKA', '22T01', 'Teknik Informatika'),
('2201039', 'RIONALDO SIBARANI', '22T02', 'Teknik Informatika'),
('2201040', 'SITI ASIAH', '22T01', 'Teknik Informatika'),
('2201042', 'WANDA RIANA', '22T01', 'Teknik Informatika'),
('2201043', 'YEMIMA PEPAYOSA SEMBIRING', '22T01', 'Teknik Informatika'),
('2201044', 'ZAHRI ABIMANYU', '22T02', 'Teknik Informatika'),
('2201045', 'AHMAD RYANDIKA', '22T02', 'Teknik Informatika'),
('2201046', 'ALBERT PANDIANGAN', '22T02', 'Teknik Informatika'),
('2201047', 'ANDREA ERICH SENTANA', '22T02', 'Teknik Informatika'),
('2201048', 'ARFAN OKY RIYANSYAH LUBIS', '22T02', 'Teknik Informatika'),
('2201049', 'BINTANG SAMUDERA INTAN', '22T03', 'Teknik Informatika'),
('2201050', 'CHRISTIANO JOAN VARGAS ALBERTO PURBA', '22T02', 'Teknik Informatika'),
('2201051', 'DIMAS THOFA RAMADHAN', '22T02', 'Teknik Informatika'),
('2201053', 'DIRA SYAFITHA ', '22T02', 'Teknik Informatika'),
('2201054', 'DONY JORDAN PANGOMOAN SIRAIT', '22T01', 'Teknik Informatika'),
('2201056', 'EZRA LEONARDO FEBRIAN SARAGIH', '22T02', 'Teknik Informatika'),
('2201057', 'FEDDRO FRANSISKUS SIDABALOK', '22T02', 'Teknik Informatika'),
('2201058', 'FERDY PRAYOGI', '22T02', 'Teknik Informatika'),
('2201059', 'FRANSCO IMMANUEL. G. SIAHAAN', '22T02', 'Teknik Informatika'),
('2201060', 'GOILING HOTMAULI SIMBOLON', '22T02', 'Teknik Informatika'),
('2201062', 'IVANA NAOMI SIMANJUNTAK', '22T02', 'Teknik Informatika'),
('2201063', 'JOELIPER RAHMAT HAGAIMAN HULU', '22T02', 'Teknik Informatika'),
('2201064', 'JUANSOH PANGESTU TUMANGGOR', '22T02', 'Teknik Informatika'),
('2201065', 'JULIO SANJAYA RITONGA', '22T02', 'Teknik Informatika'),
('2201066', 'JULMIATI ENJELIA PURBA', '22T02', 'Teknik Informatika'),
('2201067', 'MEGIMAL VINO SINAGA', '22T02', 'Teknik Informatika'),
('2201068', 'MICHAEL OMPUSUNGGU', '22T02', 'Teknik Informatika'),
('2201069', 'MUHAMMAD AZIZAN AQSHOL JASRI', '22T02', 'Teknik Informatika'),
('2201071', 'MUHAMMAD MARZUKI', '22T02', 'Teknik Informatika'),
('2201072', 'PETER ROBINSON SIAHAAN', '22T02', 'Teknik Informatika'),
('2201073', 'RENO  FAQIH', '22T02', 'Teknik Informatika'),
('2201074', 'RIBKA MELATI HASIBUAN', '22T02', 'Teknik Informatika'),
('2201075', 'RICKY ALDIANSYAH SINAGA', '22T01', 'Teknik Informatika'),
('2201078', 'SANI AGUSTINA SIALLAGAN', '22T02', 'Teknik Informatika'),
('2201079', 'TIARA APRILIYA AMANDA', '22T02', 'Teknik Informatika'),
('2201080', 'TIARNI CATHERINE PESAHLITA LG', '22T01', 'Teknik Informatika'),
('2201081', 'ABDUL AZIS', '22T03', 'Teknik Informatika'),
('2201082', 'ADELINA TINDAON', '22T03', 'Teknik Informatika'),
('2201084', 'ANDIKA IRAMA', '22T03', 'Teknik Informatika'),
('2201085', 'ANDRE DERMAWAN', '22T03', 'Teknik Informatika'),
('2201086', 'ANGGA RANDIKA', '22T03', 'Teknik Informatika'),
('2201087', 'BRETI KAHONA SEMBIRING', '22T03', 'Teknik Informatika'),
('2201088', 'DELON DELFIERO SINAGA', '22T03', 'Teknik Informatika'),
('2201089', 'DIMAS BUDI PARASTIYO', '22T03', 'Teknik Informatika'),
('2201090', 'DINI TRI RAMADHANI', '22T03', 'Teknik Informatika'),
('2201091', 'JOHAN ANDIKA ', '22T03', 'Teknik Informatika'),
('2201093', 'KITTY WAHYUNI', '22T03', 'Teknik Informatika'),
('2201094', 'LAMUDUR SIHOMBING ', '22T03', 'Teknik Informatika'),
('2201095', 'MASAYU DWI AZHARI', '22T03', 'Teknik Informatika'),
('2201096', 'MAULANA IBRAHIM', '22T03', 'Teknik Informatika'),
('2201097', 'MHD HARIS YUWANDA DAMANIK', '22T03', 'Teknik Informatika'),
('2201098', 'MHD. RAIHAN HASIBUAN', '22T03', 'Teknik Informatika'),
('2201099', 'MUHAMMAD SHAFIKRI', '22T03', 'Teknik Informatika'),
('2201100', 'NOVRI AGAPE SIHOMBING', '22T03', 'Teknik Informatika'),
('2201102', 'RIDHO ILHAMSYAH', '22T03', 'Teknik Informatika'),
('2201103', 'SRI NUR AISYAH NASUTION', '22T03', 'Teknik Informatika'),
('2201104', 'TRIMAR HASRATEL HALAWA', '22T03', 'Teknik Informatika'),
('2201105', 'WINDAH LESTARI GIRSANG', '22T03', 'Teknik Informatika'),
('2201106', 'YUDHA HASANAL HUJAYA', '22T03', 'Teknik Informatika'),
('2201107', 'SILVA CAMARA', '22T03', 'Teknik Informatika'),
('2201109', 'ROGER SUSILO NAPITUPULU', '22T01', 'Teknik Informatika'),
('2201110', 'MUHAMMAD ICHSAN WIRAYUDA', '22T03', 'Teknik Informatika'),
('2201111', 'WIRA ADITIA', '22T01', 'Teknik Informatika'),
('2201112', 'OLIVIA DIWANI SARAGIH', '22T01', 'Teknik Informatika'),
('2201113', 'YEREMIA TOGA RISMAN SINURAT', '22T03', 'Teknik Informatika'),
('2201114', 'REY ALDO FERDIAN SITUNGKIR', '22T02', 'Teknik Informatika'),
('2201115', 'ONKY DERY YESAYA MARIHUT TAMBUNAN', '20T03', 'Teknik Informatika'),
('2202001', 'AFIF RIVAE DAMANIK', '22S01', 'Sistem Informasi'),
('2202003', 'ALDIANSYAH SITUMORANG', '22S01', 'Sistem Informasi'),
('2202004', 'ALYA ZALFA', '22S01', 'Sistem Informasi'),
('2202005', 'AMISHA NUR AZRI', '22S01', 'Sistem Informasi'),
('2202007', 'ASHBUL KAHFI SARAGIH', '22S01', 'Sistem Informasi'),
('2202008', 'BRAMADHITA KEYTAROW YAMASA', '22S09', 'Sistem Informasi'),
('2202009', 'DEA ADISTY FERNANDA ', '22S01', 'Sistem Informasi'),
('2202010', 'DIMAS PRAYOGA', '22S01', 'Sistem Informasi'),
('2202011', 'DIVA DWI SANDI', '22S01', 'Sistem Informasi'),
('2202013', 'INDRIYANI', '22S01', 'Sistem Informasi'),
('2202014', 'INTAN SUKMA ANGGANI NASUTION', '22S01', 'Sistem Informasi'),
('2202015', 'IZHAR MAULANA RENDI NASUTION', '22S01', 'Sistem Informasi'),
('2202016', 'MELLY SAHAQUE', '22S01', 'Sistem Informasi'),
('2202017', 'MEWI TRESIA ELISABET SINAGA', '22S01', 'Sistem Informasi'),
('2202018', 'MIKHA BR GULTOM', '22S01', 'Sistem Informasi'),
('2202019', 'MUTIA SETIA NINGRUM', '22S01', 'Sistem Informasi'),
('2202020', 'MUTIARA KESUMA DAHLIA ', '22S01', 'Sistem Informasi'),
('2202021', 'NABILA HANIFAH SIMANGUNSONG ', '22S01', 'Sistem Informasi'),
('2202022', 'NAJIYAH NAH`DAH LUBIS', '22S01', 'Sistem Informasi'),
('2202023', 'NUR ASPIDAYANI', '22S01', 'Sistem Informasi'),
('2202024', 'PERMAISURI SIREGAR', '22S08', 'Sistem Informasi'),
('2202025', 'RAHMAT HIDAYAT GULTOM', '22S01', 'Sistem Informasi'),
('2202026', 'RIRIN DESI YANTI SINAGA', '22S01', 'Sistem Informasi'),
('2202027', 'RORESKY HARAPAN SIANIPAR', '22S01', 'Sistem Informasi'),
('2202028', 'SABILA PUTRI ADRIATASYA', '22S01', 'Sistem Informasi'),
('2202029', 'SAFRIYADANU', '22S01', 'Sistem Informasi'),
('2202030', 'SIVA MAYA SARI', '22S01', 'Sistem Informasi'),
('2202032', 'VIKRA ADE SAKILLA', '22S01', 'Sistem Informasi'),
('2202033', 'WAHYUNI', '22S01', 'Sistem Informasi'),
('2202034', 'WIDYA PERALISA TAMPUBOLON', '22S01', 'Sistem Informasi'),
('2202035', 'WIKA KASANOVA', '22S01', 'Sistem Informasi'),
('2202036', 'WILDAN SETIA AKBAR IMAN', '22S01', 'Sistem Informasi'),
('2202037', 'YEHESTIEL PANDIHOUTEN SIBURIAN', '22S01', 'Sistem Informasi'),
('2202038', 'YOSIA METEU', '22S01', 'Sistem Informasi'),
('2202039', 'ZAINNUR ARIF NUH ASRAFI', '22S01', 'Sistem Informasi'),
('2202040', 'ZEFA ALFRIJI', '22S01', 'Sistem Informasi'),
('2202041', 'ZUHRI ANNISA', '22S01', 'Sistem Informasi'),
('2202042', 'AHMAD IQBAL', '22S02', 'Sistem Informasi'),
('2202043', 'ALBAYAAN RINDU AKBAR SINAGA', '22S02', 'Sistem Informasi'),
('2202044', 'ALSIYA DWI PUTRI PANTRISIA', '22S02', 'Sistem Informasi'),
('2202045', 'AMANDA AGUSTRIA', '22S02', 'Sistem Informasi'),
('2202046', 'ANGELA PARHUSIP', '22S02', 'Sistem Informasi'),
('2202047', 'ANGIE ZAHRAWANI ', '22S02', 'Sistem Informasi'),
('2202048', 'APRILIA SYAHPUTRI', '22S02', 'Sistem Informasi'),
('2202049', 'CHANA PUJA SEIGO HARAHAP', '22S02', 'Sistem Informasi'),
('2202050', 'CICI MELISA RIZKI PANJAITAN', '22S02', 'Sistem Informasi'),
('2202051', 'DEBY SHANDY AULIA ARYANTO', '22S02', 'Sistem Informasi'),
('2202052', 'DEWI FORTUNA EFENDI ', '22S02', 'Sistem Informasi'),
('2202053', 'DHANDY ALAMSYAH', '22S02', 'Sistem Informasi'),
('2202054', 'DIKI IRMANSYAH', '22S02', 'Sistem Informasi'),
('2202055', 'FARHAN KHADAFI ', '22S02', 'Sistem Informasi'),
('2202056', 'FIKRI WICAKSONO', '22S02', 'Sistem Informasi'),
('2202057', 'FILZAH NAURAH SIREGAR', '22S02', 'Sistem Informasi'),
('2202058', 'FIRMAN DWI WIRATAMA', '22S02', 'Sistem Informasi'),
('2202059', 'JESDYKA CELVIN SAMUEL PURBA', '22S02', 'Sistem Informasi'),
('2202060', 'KHORIATUL SADRINA ZENDRATO', '22S02', 'Sistem Informasi'),
('2202061', 'LAILA KUMALASARI', '22S02', 'Sistem Informasi'),
('2202062', 'LEWI FORLANDO SIAHAAN', '22S09', 'Sistem Informasi'),
('2202063', 'LIDIYA ADELIYA NABABAN', '22S02', 'Sistem Informasi'),
('2202064', 'MUHAMMAD AGUNG AL FATIH', '22S02', 'Sistem Informasi'),
('2202065', 'MUHAMMAD AL FARID ', '22S02', 'Sistem Informasi'),
('2202066', 'MUHAMMAD HAFIZUL ALI', '22S02', 'Sistem Informasi'),
('2202067', 'NAUFAL AZMI GINTING', '22S02', 'Sistem Informasi'),
('2202068', 'NURHASANAH', '22S02', 'Sistem Informasi'),
('2202069', 'NURMA WADDA PUTRI', '22S02', 'Sistem Informasi'),
('2202070', 'OKVA TRI TAMI PERANGIN-ANGIN', '22S09', 'Sistem Informasi'),
('2202072', 'PAUNDRA PRAYOGI PERWARADANI', '22S02', 'Sistem Informasi'),
('2202073', 'RETNO PRADISTIANI', '22S02', 'Sistem Informasi'),
('2202074', 'ROZIQ HAIKAL ', '22S02', 'Sistem Informasi'),
('2202075', 'SAFA ARYAPUTRA', '22S02', 'Sistem Informasi'),
('2202076', 'SILVA WIDYANA', '22S02', 'Sistem Informasi'),
('2202077', 'SINDY KHAIRIA PURBA ', '22S02', 'Sistem Informasi'),
('2202078', 'SRI LENIDHEA NATASYAH', '22S02', 'Sistem Informasi'),
('2202079', 'SYAHRIN DAFFA RAFFALIN SITOMPUL', '22S02', 'Sistem Informasi'),
('2202080', 'THAMRIANSYAH', '22S02', 'Sistem Informasi'),
('2202081', 'IKA SETIA RAMA', '22S10', 'Sistem Informasi'),
('2202082', 'YUMNI SYABRINA AGUSTINA LUBIS', '22S02', 'Sistem Informasi'),
('2202083', 'ALVIRA ZAIRINA ', '22S05', 'Sistem Informasi'),
('2202084', 'AMANDA RIZKY OKTAVIANSYAH', '22S05', 'Sistem Informasi'),
('2202085', 'ANANDA NURHALIZAH', '22S05', 'Sistem Informasi'),
('2202086', 'ANBIA NUANSYAH', '22S05', 'Sistem Informasi'),
('2202087', 'ANYA NAILAH AURELLIA ', '22S05', 'Sistem Informasi'),
('2202088', 'ARSEN RAM', '22S05', 'Sistem Informasi'),
('2202089', 'ARYA FATHANA', '22S05', 'Sistem Informasi'),
('2202090', 'BETRAN ROI VALDO SITINJAK', '22S05', 'Sistem Informasi'),
('2202091', 'BRAM ALESSANDRO PANJAITAN', '22S05', 'Sistem Informasi'),
('2202092', 'CANDRA HARAPAN SIMANJUNTAK', '22S05', 'Sistem Informasi'),
('2202093', 'CANI PERONIKA SIMAREMARE', '22S05', 'Sistem Informasi'),
('2202094', 'CHAIRUNNISYAH WIDI PRATIWI', '22S05', 'Sistem Informasi'),
('2202096', 'DIVYA SWASTIKA', '22S05', 'Sistem Informasi'),
('2202097', 'ENDA FEBRINA TARIGAN ', '22S05', 'Sistem Informasi'),
('2202098', 'ENDANG KARTIKA ', '22S05', 'Sistem Informasi'),
('2202099', 'IMMANUEL CHRISTIAN MANALU', '22S05', 'Sistem Informasi'),
('2202100', 'ISNI NADIKA RATI', '22S05', 'Sistem Informasi'),
('2202101', 'LELA AFRIANI', '22S06', 'Sistem Informasi'),
('2202102', 'MERINA EFRISKA', '22S05', 'Sistem Informasi'),
('2202103', 'MHD AZHARI', '22S02', 'Sistem Informasi'),
('2202104', 'MHD. FAUZAL PRATAMA', '22S05', 'Sistem Informasi'),
('2202105', 'MHD.ROBBI AKBAR POHAN', '22S05', 'Sistem Informasi'),
('2202106', 'MUHAMMAD RAFLY MAULANA', '22S05', 'Sistem Informasi'),
('2202107', 'NABILA SAJIDAH', '22S07', 'Sistem Informasi'),
('2202108', 'NAZLY RIVANI ', '22S05', 'Sistem Informasi'),
('2202109', 'NILA AGUSTIN', '22S08', 'Sistem Informasi'),
('2202110', 'NOVA ARDANA SARAGIH', '22S05', 'Sistem Informasi'),
('2202111', 'NUR AFNI ATIKAH SIREGAR', '22S04', 'Sistem Informasi'),
('2202113', 'PUTRI OSHALIA MANURUNG', '22S09', 'Sistem Informasi'),
('2202114', 'RENALDI ADE REZA', '22S01', 'Sistem Informasi'),
('2202115', 'RIRIN RIZVYA', '22S05', 'Sistem Informasi'),
('2202116', 'RIZAL EFENDI', '22S02', 'Sistem Informasi'),
('2202117', 'ROLAND SIHOMBING ', '22S09', 'Sistem Informasi'),
('2202118', 'SABRINA FADILLAH', '22S05', 'Sistem Informasi'),
('2202119', 'SAUT PANIGORAN SIHOMBING', '22S05', 'Sistem Informasi'),
('2202120', 'SRI UTAMI ANINDYAH TIFANY', '22S01', 'Sistem Informasi'),
('2202121', 'SURYANI ROSA GITA SIMANGUNSONG', '22S06', 'Sistem Informasi'),
('2202122', 'TRI ANGGI FIRMANSYAH PURBA ', '22S05', 'Sistem Informasi'),
('2202123', 'VANYA CANNAYA CARISSA', '22S05', 'Sistem Informasi'),
('2202124', 'WIDIARTI SUPITRI ', '22S05', 'Sistem Informasi'),
('2202125', 'WINDA SINAGA', '22S03', 'Sistem Informasi');
INSERT INTO `mahasiswa` (`nim`, `nama`, `kelas`, `prodi`) VALUES
('2202126', 'YOLANDA VICTORIA DAMANIK', '22S05', 'Sistem Informasi'),
('2202127', 'YULVA INDAH RIZKY SIMBOLON ', '22S05', 'Sistem Informasi'),
('2202128', 'AINUN MARDIAH ', '22S06', 'Sistem Informasi'),
('2202129', 'AKHIRA FEBRY ABADI ', '22S06', 'Sistem Informasi'),
('2202130', 'ALYA ADELINA', '22S06', 'Sistem Informasi'),
('2202132', 'AMANDA PUTRI SURATMAN', '22S06', 'Sistem Informasi'),
('2202133', 'APRILLIA PERMATA', '22S06', 'Sistem Informasi'),
('2202134', 'ARBY RAMADHAN SARAGIH', '22S06', 'Sistem Informasi'),
('2202136', 'ARIMBI SEPTIA AMANDA DALIMUNTHE', '22S06', 'Sistem Informasi'),
('2202137', 'CHARMENITA DHARMAYANTI PURBA ', '22S01', 'Sistem Informasi'),
('2202138', 'DELON JEREMY SIMANJUNTAK', '22S06', 'Sistem Informasi'),
('2202139', 'DIMAS PRADINANTO', '22S01', 'Sistem Informasi'),
('2202140', 'EKA AMANDA PRATIWI', '22S06', 'Sistem Informasi'),
('2202141', 'FAJAR MAULANA', '22S06', 'Sistem Informasi'),
('2202142', 'FARHAN FADLIANSYAH', '22S06', 'Sistem Informasi'),
('2202143', 'FENNI PANDIANGAN', '22S06', 'Sistem Informasi'),
('2202144', 'GRACIA OLIVIA GULTOM', '22S06', 'Sistem Informasi'),
('2202145', 'IHSAN FAUZI DAMANIK', '22S06', 'Sistem Informasi'),
('2202146', 'IQBAL RAMADHAN', '22S09', 'Sistem Informasi'),
('2202147', 'IVAN MANUTURI SINAGA', '22S04', 'Sistem Informasi'),
('2202148', 'JESSICA MEYRIFA SARAGIH', '22S09', 'Sistem Informasi'),
('2202149', 'KELWIN DOLY SIAHAAN', '22S04', 'Sistem Informasi'),
('2202150', 'LARASATI', '22S06', 'Sistem Informasi'),
('2202151', 'LESTARI SEKAR NINGRUM', '22S04', 'Sistem Informasi'),
('2202152', 'MARISA FEBRINA', '22S02', 'Sistem Informasi'),
('2202153', 'MAULANA AL FARIZI', '22S09', 'Sistem Informasi'),
('2202154', 'MUTHYA RIFANY', '22S06', 'Sistem Informasi'),
('2202155', 'NASRUL ANDANI', '22S06', 'Sistem Informasi'),
('2202156', 'POPPY HANNA ANGGIANI', '22S06', 'Sistem Informasi'),
('2202157', 'RAHMAT SYAH KARIM', '22S06', 'Sistem Informasi'),
('2202159', 'RIRIN NUR SARTIKA SIREGAR ', '22S06', 'Sistem Informasi'),
('2202160', 'RIZKI KHAIRUNNISA', '22S06', 'Sistem Informasi'),
('2202162', 'RONALDO FRANSISCO PARDEDE', '22S09', 'Sistem Informasi'),
('2202163', 'SALSABILA PUTRI ', '22S01', 'Sistem Informasi'),
('2202164', 'SHELLA NURHASANA', '22S06', 'Sistem Informasi'),
('2202165', 'SITI HAJAR DAINI', '22S09', 'Sistem Informasi'),
('2202166', 'SITI NUR ADILA ', '22S02', 'Sistem Informasi'),
('2202167', 'STEPHEN YOEL MANUAMAN SIMAMORA', '22S06', 'Sistem Informasi'),
('2202168', 'STEVEN VIERO SIMAREMARE', '22S04', 'Sistem Informasi'),
('2202169', 'SYAHDA ANDINI', '22S06', 'Sistem Informasi'),
('2202170', 'SYVA YULI MAHARANI', '22S06', 'Sistem Informasi'),
('2202171', 'WANGGA NURJIE', '22S06', 'Sistem Informasi'),
('2202172', 'ZUHRAIN SANI NASUTION', '22S06', 'Sistem Informasi'),
('2202173', 'CINDY TIARA', '22S07', 'Sistem Informasi'),
('2202174', 'DENY ROZA CHANIAGO', '22S07', 'Sistem Informasi'),
('2202175', 'EFTIWIKA ANISA SYIVA HUTABARAT', '22S07', 'Sistem Informasi'),
('2202176', 'FADHILAH AZ ZAHRA', '22S07', 'Sistem Informasi'),
('2202177', 'FIRJALDI RAMADHAN', '22S07', 'Sistem Informasi'),
('2202178', 'INTAN FAJIRAH LUBIS ', '22S07', 'Sistem Informasi'),
('2202179', 'IQBAL SANDHI KSATRIA', '22S07', 'Sistem Informasi'),
('2202180', 'KHAFI MARADHIKA', '22S07', 'Sistem Informasi'),
('2202182', 'LAILI RIZKY AMALIYAH SARAGIH', '22S05', 'Sistem Informasi'),
('2202183', 'LATIFAH HANUM', '22S07', 'Sistem Informasi'),
('2202184', 'LUTFI HADI FAWAZZ TANJUNG ', '22S07', 'Sistem Informasi'),
('2202185', 'MEISY INSAN TOHAROH', '22S07', 'Sistem Informasi'),
('2202187', 'MUHAMMAD AGIL IRSYAD', '22S07', 'Sistem Informasi'),
('2202189', 'MUHAMMAD HANAFI ', '22S07', 'Sistem Informasi'),
('2202190', 'MUHAMMAD REZA RAMADHANU', '22S07', 'Sistem Informasi'),
('2202191', 'NABILA AMALIA HUSNA', '22S07', 'Sistem Informasi'),
('2202192', 'NASYA ANANTA', '22S07', 'Sistem Informasi'),
('2202193', 'NURHAFIZAH YAZID', '22S07', 'Sistem Informasi'),
('2202194', 'NURUL AISYAH ', '22S07', 'Sistem Informasi'),
('2202195', 'PUTRI AISYAH', '22S07', 'Sistem Informasi'),
('2202196', 'PUTRI NATALIA NAINGGOLAN', '22S07', 'Sistem Informasi'),
('2202197', 'RADITYA NUR ROYZAN', '22S07', 'Sistem Informasi'),
('2202198', 'RAFLY FIRMANSYAH ', '22S07', 'Sistem Informasi'),
('2202199', 'RAHMA FADILA', '22S07', 'Sistem Informasi'),
('2202200', 'RAHMAT ASHARI', '22S07', 'Sistem Informasi'),
('2202201', 'REZKY APRIANSYAH', '22S07', 'Sistem Informasi'),
('2202202', 'RIRIN NADIA UTARI', '22S07', 'Sistem Informasi'),
('2202203', 'SANDIKA AUDEA PUTRI', '22S07', 'Sistem Informasi'),
('2202204', 'SAUDI IQBAL', '22S07', 'Sistem Informasi'),
('2202205', 'SELLY ANDARI ', '22S07', 'Sistem Informasi'),
('2202206', 'SITI MARTINA SINAGA', '22S07', 'Sistem Informasi'),
('2202207', 'TRESNO AKBAR SAPUTRA', '22S07', 'Sistem Informasi'),
('2202208', 'YUDI PRABOWO', '22S07', 'Sistem Informasi'),
('2202209', 'ANGELA CHRISTINA AMARAL', '22S08', 'Sistem Informasi'),
('2202210', 'ANGGUN MENTARI', '22S08', 'Sistem Informasi'),
('2202211', 'ARSWENDO A.F SIGIRO', '22S08', 'Sistem Informasi'),
('2202212', 'DANIEL DESMANTO SIHOMBING', '22S08', 'Sistem Informasi'),
('2202213', 'DESWITA MAHARANI HARAHAP', '22S08', 'Sistem Informasi'),
('2202214', 'DIAN YUSRI ANDIRA', '22S08', 'Sistem Informasi'),
('2202216', 'ERHAN PERDANA', '22S08', 'Sistem Informasi'),
('2202217', 'EVA CRONIKA NAPITUPULU', '22S08', 'Sistem Informasi'),
('2202218', 'FADLAN HAMDI', '22S08', 'Sistem Informasi'),
('2202220', 'FEBY ASTRIA HASANAH', '22S08', 'Sistem Informasi'),
('2202221', 'INDAH FRIAN SARI ', '22S08', 'Sistem Informasi'),
('2202222', 'JEFRI ARINDRO PURBA', '22S08', 'Sistem Informasi'),
('2202223', 'JUNIARDO PURBA', '22S08', 'Sistem Informasi'),
('2202224', 'KHAIRUL ANWAR LUBIS ', '22S08', 'Sistem Informasi'),
('2202225', 'KHAIRUL IHSAN', '22S08', 'Sistem Informasi'),
('2202226', 'KHIAR UMAM ARIFIN', '22S08', 'Sistem Informasi'),
('2202228', 'MHD MAULANA AZHARI', '22S08', 'Sistem Informasi'),
('2202229', 'MHD RIDHO PURBA', '22S08', 'Sistem Informasi'),
('2202230', 'MISKO ADRIAN PURBA ', '22S08', 'Sistem Informasi'),
('2202232', 'NAUFAL GHIFARI HARAHAP', '22S08', 'Sistem Informasi'),
('2202233', 'PURWANTI NAINGGOLAN', '22S08', 'Sistem Informasi'),
('2202234', 'RAFIF ALWI PRAMUDYA', '22S08', 'Sistem Informasi'),
('2202235', 'RAMADANI', '22S08', 'Sistem Informasi'),
('2202236', 'RANGGA EKA PERMANA', '22S08', 'Sistem Informasi'),
('2202237', 'REYHAN ROZARIO ', '22S08', 'Sistem Informasi'),
('2202239', 'SELLA UJANI', '22S08', 'Sistem Informasi'),
('2202240', 'SELVYA ROSA TANJUNG', '22S08', 'Sistem Informasi'),
('2202241', 'UCI AZHARI CHANIAGO', '22S08', 'Sistem Informasi'),
('2202242', 'VIBIOLA BR DAMANIK', '22S08', 'Sistem Informasi'),
('2202243', 'WIRIANTO HARDI ', '22S08', 'Sistem Informasi'),
('2202244', 'YUDHA ARYA PRATAMA', '22S08', 'Sistem Informasi'),
('2202245', 'AKHMAL IHSAN', '22S10', 'Sistem Informasi'),
('2202252', 'RYAN MUHAMMAD', '22S10', 'Sistem Informasi'),
('2202253', 'SANTA LAURA P.O. TAMPUBOLON', '22S10', 'Sistem Informasi'),
('2202257', 'YUDA KESUMA', '22S10', 'Sistem Informasi'),
('2202258', 'ADITYA RIZKI PRATOMO', '22S03', 'Sistem Informasi'),
('2202259', 'AKMAL ARDIANSYAH BATUBARA', '22S03', 'Sistem Informasi'),
('2202260', 'AMANDA SALSABILA DAMANIK', '22S03', 'Sistem Informasi'),
('2202261', 'ANGGUN AMALIA', '22S03', 'Sistem Informasi'),
('2202262', 'AULYA FANI MADANI', '22S03', 'Sistem Informasi'),
('2202263', 'BORIS ANDREW SIAHAAN', '22S03', 'Sistem Informasi'),
('2202264', 'CHIKITA INDAH FELISA', '22S02', 'Sistem Informasi'),
('2202265', 'CINDY AISYAH PUTRI', '22S03', 'Sistem Informasi'),
('2202266', 'DUHA LISA ', '22S01', 'Sistem Informasi'),
('2202267', 'FAHROZI ALDINATA', '22S03', 'Sistem Informasi'),
('2202268', 'FAUZIAH DEA IRWANDA', '22S03', 'Sistem Informasi'),
('2202269', 'GLORY INRYAHMAN ARYA GIRSANG', '22S09', 'Sistem Informasi'),
('2202270', 'H.R MERDU WIRA JASA', '22S03', 'Sistem Informasi'),
('2202271', 'HARI PRIANDANA', '22S03', 'Sistem Informasi'),
('2202272', 'HARTINI DAMANIK', '22S03', 'Sistem Informasi'),
('2202273', 'INDRAWAN SYAHPUTRA', '22S03', 'Sistem Informasi'),
('2202274', 'JONATHAN HASIAN F. PANGARIBUAN', '22S03', 'Sistem Informasi'),
('2202275', 'JOSUA SIMATUPANG ', '22S03', 'Sistem Informasi'),
('2202276', 'MARTUA GIDEON MANALU', '22S03', 'Sistem Informasi'),
('2202277', 'MONICA ANASTASYA PUTRI SINAGA', '22S03', 'Sistem Informasi'),
('2202278', 'NADYA SYAHRANI', '22S03', 'Sistem Informasi'),
('2202279', 'NAJWA KHAYLILA ', '22S08', 'Sistem Informasi'),
('2202280', 'NAZWA ALYA SHEVA ', '22S03', 'Sistem Informasi'),
('2202281', 'NOVIANTY KHAIRANI', '22S03', 'Sistem Informasi'),
('2202282', 'NUR ADINDA', '22S03', 'Sistem Informasi'),
('2202283', 'NURUL HIDAYAH', '22S03', 'Sistem Informasi'),
('2202284', 'PUTRI AGUS LIMA', '22S03', 'Sistem Informasi'),
('2202285', 'PUTRI AULIA HARAHAP ', '22S03', 'Sistem Informasi'),
('2202286', 'PUTRI AYU NINGSIH ', '22S03', 'Sistem Informasi'),
('2202287', 'RANDI SUMITRO', '22S03', 'Sistem Informasi'),
('2202288', 'SANDY HARDIANSYAH', '22S05', 'Sistem Informasi'),
('2202289', 'SIHLA FADILA PUTRI', '22S03', 'Sistem Informasi'),
('2202290', 'SITI NURDIANA WIJAYA', '22S03', 'Sistem Informasi'),
('2202291', 'SUCI SYAHFITRI', '22S03', 'Sistem Informasi'),
('2202292', 'TIA PUTRI ANGGRAINI P TAMBUN S', '22S03', 'Sistem Informasi'),
('2202293', 'TRISMA MULIANI', '22S03', 'Sistem Informasi'),
('2202294', 'WAFIQ NURUL KARIM ', '22S03', 'Sistem Informasi'),
('2202295', 'WESNI MULIANA BR TANJUNG', '22S03', 'Sistem Informasi'),
('2202296', 'YASMIN WIDIYASHA', '22S03', 'Sistem Informasi'),
('2202297', 'ZUANLI SITANGGANG', '22S03', 'Sistem Informasi'),
('2202298', 'AGIL GUNAWAN ', '22S04', 'Sistem Informasi'),
('2202299', 'AHMAD FARHAN LUMBANGAOL ', '22S04', 'Sistem Informasi'),
('2202300', 'ALVIN MICHAEL DAMANIK', '22S04', 'Sistem Informasi'),
('2202302', 'ANIS DWI RIZKY', '22S04', 'Sistem Informasi'),
('2202303', 'APRI ALKA WEZONA KARO-KARO', '22S04', 'Sistem Informasi'),
('2202304', 'ATIFAH NURFAIZAH', '22S04', 'Sistem Informasi'),
('2202305', 'AUDYANANDA', '22S04', 'Sistem Informasi'),
('2202306', 'BAGAS SAPTA KRISNA ', '22S04', 'Sistem Informasi'),
('2202307', 'BAYU FIKRIANSYAH', '22S04', 'Sistem Informasi'),
('2202308', 'DEWI SANTIKA', '22S04', 'Sistem Informasi'),
('2202309', 'EKA NUR HASANAH', '22S04', 'Sistem Informasi'),
('2202310', 'FADILA AZZAHRA LUBIS', '22S04', 'Sistem Informasi'),
('2202311', 'GALANG FRY ANANDA', '22S04', 'Sistem Informasi'),
('2202312', 'GILANG ADITYA', '22S04', 'Sistem Informasi'),
('2202313', 'HOTMAIDA ASIMA VERAWATI SIMORANGKIR', '22S04', 'Sistem Informasi'),
('2202314', 'IHSAN HABIBIE NASUTION', '22S04', 'Sistem Informasi'),
('2202315', 'ILFA HANI', '22S04', 'Sistem Informasi'),
('2202316', 'INTAN JULIA SARI SARAGIH', '22S04', 'Sistem Informasi'),
('2202317', 'ISNIAR YASKINAH HUTAPEA', '22S04', 'Sistem Informasi'),
('2202318', 'LIRA FLORENZA SIDABALOK', '22S04', 'Sistem Informasi'),
('2202319', 'MIA FERNANDA PURBA', '22S04', 'Sistem Informasi'),
('2202320', 'MIRANDA MEYLISSA SIADARI', '22S04', 'Sistem Informasi'),
('2202321', 'MUHAMMAD DERI ANDRIANSYAH SITUMORANG ', '22S04', 'Sistem Informasi'),
('2202322', 'MUHAMMAD RIO IQMAL', '22S04', 'Sistem Informasi'),
('2202323', 'NOER AHMAD AL IKHSANI ', '22S04', 'Sistem Informasi'),
('2202324', 'NOVASARI AGUSTINA SIANIPAR', '22S04', 'Sistem Informasi'),
('2202325', 'RAIHAN ARDIANSYAH', '22S04', 'Sistem Informasi'),
('2202326', 'RIZKI ATHIYAH', '22S04', 'Sistem Informasi'),
('2202327', 'SAMANTHA ARTA SINUHAJI', '22S05', 'Sistem Informasi'),
('2202329', 'SONIA AFDILAH', '22S04', 'Sistem Informasi'),
('2202330', 'SOPHIA SALSABILA', '22S04', 'Sistem Informasi'),
('2202331', 'SYALOMMITHA SITUMORANG', '22S04', 'Sistem Informasi'),
('2202332', 'TANTI FATIKA SARI SIREGAR', '22S05', 'Sistem Informasi'),
('2202333', 'UCI JULYA NINGSIH', '22S04', 'Sistem Informasi'),
('2202334', 'WAHYU WIRANDI', '22S04', 'Sistem Informasi'),
('2202335', 'WANA ARTA KARERA', '22S04', 'Sistem Informasi'),
('2202336', 'YOLA PERDILA TAMARA ', '22S04', 'Sistem Informasi'),
('2202337', 'ZESIKA BELLA MATONDANG', '22S04', 'Sistem Informasi'),
('2202338', 'ADE IRFAN UTAMA PUTRA', '22S09', 'Sistem Informasi'),
('2202339', 'ADLI ZILL IKRAM DAMANIK', '22S06', 'Sistem Informasi'),
('2202340', 'AKMAL AMINUDDIN', '22S09', 'Sistem Informasi'),
('2202341', 'ALIFIA PUTRI ANANDA', '22S09', 'Sistem Informasi'),
('2202342', 'AMRU HAKIM', '22S09', 'Sistem Informasi'),
('2202344', 'ANDIKA JULIAN TUAHTA TARIGAN', '22S09', 'Sistem Informasi'),
('2202345', 'ANGGA ARDHANA ', '22S04', 'Sistem Informasi'),
('2202346', 'ANWAR ARIFIN SIREGAR', '22S09', 'Sistem Informasi'),
('2202347', 'ARIO KEVIN WIRATAMA', '22S09', 'Sistem Informasi'),
('2202348', 'DEBY YOLANDA CANIAGO', '22S09', 'Sistem Informasi'),
('2202350', 'DIANDRA LUFTHI PRANATA', '22S09', 'Sistem Informasi'),
('2202351', 'DIMAS PRAYOGA', '22S06', 'Sistem Informasi'),
('2202353', 'FADILLAH KHAIRANI', '22S09', 'Sistem Informasi'),
('2202354', 'FAURIZA WILDHANI SUSILO', '22S09', 'Sistem Informasi'),
('2202355', 'FEBRIZA HALIM K SEMBIRING', '22S09', 'Sistem Informasi'),
('2202357', 'GERI PINDONTA GINTING', '22S09', 'Sistem Informasi'),
('2202358', 'IZZAH FARHANSYAH', '22S09', 'Sistem Informasi'),
('2202360', 'MUHAMMAD FIKRI TAMBUNAN', '22S09', 'Sistem Informasi'),
('2202361', 'MUHAMMAD ROFIQ SIMATUPANG', '22S09', 'Sistem Informasi'),
('2202362', 'NURUL AINI', '22S09', 'Sistem Informasi'),
('2202363', 'RAIHANDHIKA FIRZA NURRESTYANDA', '22S09', 'Sistem Informasi'),
('2202364', 'RISKA FITRI ANANDA', '22S09', 'Sistem Informasi'),
('2202365', 'VIKI RAMANSYAH', '22S09', 'Sistem Informasi'),
('2202366', 'VIMAS AZHAR ISWOYO', '22S09', 'Sistem Informasi'),
('2202367', 'WISEKIEL SURYADINATA PURBA', '22S06', 'Sistem Informasi'),
('2202368', 'YUDHI BASKARA', '22S09', 'Sistem Informasi'),
('2202369', 'YULI INDAHWATI GULTOM', '22S09', 'Sistem Informasi'),
('2202371', 'HENDRO NABABAN', '22S08', 'Sistem Informasi'),
('2202372', 'YAYANG ARUM KEMANGI', '22S08', 'Sistem Informasi'),
('2202375', 'M. RAMLI LUBIS', '22S10', 'Sistem Informasi'),
('2202376', 'MIRA KHOIRUNNISA', '21S03', 'Sistem Informasi'),
('2202378', 'JON SAHREDI PURBA', '22S03', 'Sistem Informasi'),
('2202379', 'M. FALHAN AKIRA', '22S03', 'Sistem Informasi'),
('2202380', 'SILVIA HANI', '22S04', 'Sistem Informasi'),
('2202382', 'MUHAMMAD AL-FARABI ', '22S09', 'Sistem Informasi'),
('2202383', 'SAI ATHUR RIMJOY PURBA', '22S09', 'Sistem Informasi'),
('2202384', 'ZAHRA CHAIZURA', '22S04', 'Sistem Informasi'),
('2202385', 'AULIYA UL HUSNA', '22S02', 'Sistem Informasi'),
('2202386', 'IKHSAN VIKRI MAULANA', '22S03', 'Sistem Informasi'),
('2202387', 'EBEN EZER MANGARA TUA PANJAITAN', '22S09', 'Sistem Informasi'),
('2202389', 'ANDREAS SIMANJUNTAK', '21S01', 'Sistem Informasi'),
('2202390', 'HIDAYAH RIDHO KURNIAWAN', '22S02', 'Sistem Informasi'),
('2202391', 'DWI ARITA PERMATASARI', '22S08', 'Sistem Informasi'),
('2202392', 'YUDA NATHANAEL SIMANGUNSONG ', '22S03', 'Sistem Informasi'),
('2202393', 'RICKY SAROHA CHRISTIAN SITUMEANG', '22S09', 'Sistem Informasi'),
('2202394', 'DAVID FRANS V SILALAHI SIGIRO', '22S09', 'Sistem Informasi'),
('2202395', 'MUHAMMAD IWANG WANDANA', '22S07', 'Sistem Informasi'),
('2202396', 'ARY PURNOMO', '22S01', 'Sistem Informasi'),
('2202397', 'EDI CAHYA PRATAMA', '22S02', 'Sistem Informasi'),
('2202399', 'MUHAMMAD TAUFIK NURHIDAYAT', '22S03', 'Sistem Informasi'),
('2202400', 'TINUR MAYA SIDABALOK', '22S03', 'Sistem Informasi'),
('2202401', 'HARIS JOHANNES HUTAJULU', '22S04', 'Sistem Informasi'),
('2202402', 'AZHARI SUBANDI SIPAYUNG', '22S07', 'Sistem Informasi'),
('2202403', 'RYAN PRATAMA DAMANIK', '22S08', 'Sistem Informasi'),
('2202406', 'CHENDY PRADANA ', '22S10', 'Sistem Informasi'),
('2203001', 'ALDI FRANSISKUS GURNING', '22M01', 'Manajemen Informatika'),
('2203002', 'ALFIN RAMADHANI NASUTION', '22M01', 'Manajemen Informatika'),
('2203003', 'ANANTA ZELIKA', '22M01', 'Manajemen Informatika'),
('2203004', 'ANISA TAMARA ', '22M01', 'Manajemen Informatika'),
('2203005', 'ARYA DIMASTIKA', '22M01', 'Manajemen Informatika'),
('2203006', 'BAMBANG SIBARANI', '22M01', 'Manajemen Informatika'),
('2203007', 'DAVID SITORUS', '22M01', 'Manajemen Informatika'),
('2203008', 'DHEA ADELIYA ', '22M01', 'Manajemen Informatika'),
('2203009', 'DIVA NAZILA', '22M01', 'Manajemen Informatika'),
('2203010', 'ENI NURCHANI MANIHURUK', '22M01', 'Manajemen Informatika'),
('2203012', 'FANI SAFIRA ', '22M01', 'Manajemen Informatika'),
('2203013', 'FATMA SARI', '22M01', 'Manajemen Informatika'),
('2203014', 'FIRMA AMELIA HUTAHEAN ', '22M01', 'Manajemen Informatika'),
('2203015', 'FITRI DIAH KARINA ', '22M01', 'Manajemen Informatika'),
('2203016', 'HAFIZ MAULANA', '22M01', 'Manajemen Informatika'),
('2203017', 'HANYFAH NAILA SARAGIH ', '22M01', 'Manajemen Informatika'),
('2203018', 'IJONHOT SEPRI DARMA SARAGIH', '22M01', 'Manajemen Informatika'),
('2203019', 'INTAN SARI DEWI', '22M01', 'Manajemen Informatika'),
('2203020', 'JOHANNES JOVANDA HUTAPEA', '22M01', 'Manajemen Informatika'),
('2203021', 'MAGDALENA GERALDINE PANGARIBUAN', '22M01', 'Manajemen Informatika'),
('2203022', 'MARWA RAHMA DONNA', '22M01', 'Manajemen Informatika'),
('2203023', 'MOSES NANDO HAMONANGAN HUTAPEA ', '22M01', 'Manajemen Informatika'),
('2203024', 'NADYA AL FAIZA', '22M01', 'Manajemen Informatika'),
('2203025', 'NOVIA JUNIARTA PURBA', '22M01', 'Manajemen Informatika'),
('2203026', 'REALITA SIMINDAH PANDIANGAN', '22M01', 'Manajemen Informatika'),
('2203027', 'RIDHA AFDILLA RAHMA', '22M01', 'Manajemen Informatika'),
('2203028', 'RIDHA ASTUTI', '22M01', 'Manajemen Informatika'),
('2203029', 'RISDO NOVITA NAIPOSPOS', '22M01', 'Manajemen Informatika'),
('2203032', 'ROMAULI NAINGGOLAN', '22M01', 'Manajemen Informatika'),
('2203033', 'SERLYN PEBRINA NABABAN ', '22M01', 'Manajemen Informatika'),
('2203034', 'SITI NUR KHODIAH', '22M01', 'Manajemen Informatika'),
('2203035', 'SITI SAHRIZA', '22M01', 'Manajemen Informatika'),
('2203036', 'TANIAH NATHALIA SIMANJUNTAK', '22M01', 'Manajemen Informatika'),
('2203037', 'VICANATAL GABRIELA SIAHAAN', '22M01', 'Manajemen Informatika'),
('2203038', 'VITA BELLA MELATI SUKMA ARITONANG', '22M01', 'Manajemen Informatika'),
('2203039', 'VIVIAN DWI CAHYA', '22M01', 'Manajemen Informatika'),
('2203040', 'WIDYA FEBRIANNISA', '22M01', 'Manajemen Informatika'),
('2203042', 'ZAHRA ZAINYTA', '22M01', 'Manajemen Informatika'),
('2203043', 'NURUL AINI BATUBARA', '22M01', 'Manajemen Informatika'),
('2301001', 'APRILLYA ZAHRA ISWANDY LUBIS', '23T01', 'Teknik Informatika'),
('2301002', 'AURALIA IZMI', '23T01', 'Teknik Informatika'),
('2301003', 'DAFFA AFRITZA MURAZI', '23T01', 'Teknik Informatika'),
('2301004', 'DAVA ARDIANSYAH RANGKUTI', '23T01', 'Teknik Informatika'),
('2301005', 'DEO AL KAHFI', '23T01', 'Teknik Informatika'),
('2301006', 'DONGAN PARULIAN HUTASOIT', '23T01', 'Teknik Informatika'),
('2301007', 'FAHRIYA ARDININGRUM', '23T01', 'Teknik Informatika'),
('2301008', 'FIQYH SOLEMAN SIHOTANG', '23T03', 'Teknik Informatika'),
('2301010', 'HAIKAL FAHRIZ', '23T01', 'Teknik Informatika'),
('2301011', 'ILONA DWI SHELVANI', '23T01', 'Teknik Informatika'),
('2301012', 'INDRA LESMANA PUTRA', '23T01', 'Teknik Informatika'),
('2301013', 'IRFAN APRIANDA', '23T01', 'Teknik Informatika'),
('2301015', 'JEREMI SIBARANI', '23T01', 'Teknik Informatika'),
('2301017', 'KHASWA GIOVANI SIMANUNGKALIT', '23T01', 'Teknik Informatika'),
('2301018', 'KRISTIN JUNI HARNI SINAGA', '23T03', 'Teknik Informatika'),
('2301019', 'M. FADHIL', '23T01', 'Teknik Informatika'),
('2301020', 'META WULANSARI MALAU', '23T01', 'Teknik Informatika'),
('2301021', 'MICHAEL ORLANDO A.PURBA', '23T01', 'Teknik Informatika'),
('2301022', 'MUHAMMAD FIKRI AZHARI', '23T01', 'Teknik Informatika'),
('2301023', 'MUHAMMAD IHSAN RADITYA', '23T01', 'Teknik Informatika'),
('2301024', 'MUHAMMAD IRFAN MANURUNG', '23T01', 'Teknik Informatika'),
('2301025', 'NABIL ALFAHRI', '23T01', 'Teknik Informatika'),
('2301026', 'NABILA KRISWANTI', '23T01', 'Teknik Informatika'),
('2301027', 'NUR RIFKI TRIAJI', '23T01', 'Teknik Informatika'),
('2301028', 'PANSAR MARTIMBO H. PASARIBU ', '23T01', 'Teknik Informatika'),
('2301029', 'RAFAEL PAULUS SITOMPUL', '23T01', 'Teknik Informatika'),
('2301030', 'RATIH MANALU', '23T01', 'Teknik Informatika'),
('2301031', 'RETNO AJENG KARTIKA SAID', '23T01', 'Teknik Informatika'),
('2301032', 'REVA SEPTIA NINGSIH PURBA', '23T01', 'Teknik Informatika'),
('2301033', 'RIZKY EKA RAMADAN', '23T01', 'Teknik Informatika'),
('2301034', 'RUTH SABRINA GULTOM', '23T01', 'Teknik Informatika'),
('2301035', 'SUCI ANANDA', '23T01', 'Teknik Informatika'),
('2301036', 'WILMAN ARIF TELAMBANUA', '23T01', 'Teknik Informatika'),
('2301037', 'ZIHAN MAHARANI', '23T01', 'Teknik Informatika'),
('2301038', 'AHMAD FAHRODI HASIAN RITONGA', '23T02', 'Teknik Informatika'),
('2301039', 'AIDIL IKHSAN', '23T02', 'Teknik Informatika'),
('2301040', 'ARBA`A', '23T01', 'Teknik Informatika'),
('2301041', 'BUNGARAN LUMBAN GAOL', '23T02', 'Teknik Informatika'),
('2301042', 'CLARA MARSELLA PAKPAHAN', '23T01', 'Teknik Informatika'),
('2301043', 'DAFFA ARGI ANGGA LUBIS', '23T01', 'Teknik Informatika'),
('2301044', 'DAVIQHO SUADITYA', '23T02', 'Teknik Informatika'),
('2301045', 'DESY REHULINA TARIGAN', '23T02', 'Teknik Informatika'),
('2301046', 'DICKI ALDIAN', '23T02', 'Teknik Informatika'),
('2301047', 'DODY DAUD SINAGA', '23T02', 'Teknik Informatika'),
('2301048', 'ERIFIN HARTAMA DAMANIK', '23T02', 'Teknik Informatika'),
('2301049', 'FADLIN ADMI', '23T02', 'Teknik Informatika'),
('2301050', 'HERI PRANATA SIMANJUNTAK', '23T02', 'Teknik Informatika'),
('2301051', 'HILDA RAYANA', '23T02', 'Teknik Informatika'),
('2301052', 'LASIDO MARTAHI AMBARITA', '23T02', 'Teknik Informatika'),
('2301053', 'M.INNAKA AKBAR LUBIS', '23T01', 'Teknik Informatika'),
('2301054', 'MINDO SARAGIH', '23T02', 'Teknik Informatika'),
('2301055', 'NAJIB AKBAR', '23T02', 'Teknik Informatika'),
('2301056', 'NAZRIL FAHMI PULUNGAN ', '23T02', 'Teknik Informatika'),
('2301057', 'OMER ABDULLAH LUBIS', '23T02', 'Teknik Informatika'),
('2301058', 'RANDY WIDYA PUTRA SINAGA', '23T02', 'Teknik Informatika'),
('2301059', 'RAYHAN PRADITYA SARUJI', '23T02', 'Teknik Informatika'),
('2301060', 'SANY SUGARA ', '23T03', 'Teknik Informatika'),
('2301061', 'SARAH ANNISA ZAHWAA', '23T02', 'Teknik Informatika'),
('2301062', 'SUYANTI', '23T02', 'Teknik Informatika'),
('2301063', 'ALDI LESMANA', '23T03', 'Teknik Informatika'),
('2301064', 'ANDREW MICHAEL PRATAMA HUTAPEA', '23T03', 'Teknik Informatika'),
('2301065', 'ANNISA ZAHRA LUBIS', '23T03', 'Teknik Informatika'),
('2301066', 'ARMANDA AFRIDAN ', '23T03', 'Teknik Informatika'),
('2301067', 'ARRIJAL FADILLAH MZ NASUTION', '23T01', 'Teknik Informatika'),
('2301068', 'ATTRIR RINDRA ROSHAN DAMANIK', '23T03', 'Teknik Informatika'),
('2301069', 'DAVA SETYAWAN HADI', '23T03', 'Teknik Informatika'),
('2301070', 'DAVIN ARVA ADYATMA', '23T03', 'Teknik Informatika'),
('2301071', 'DHANY TAMPE PANGIHUTAN SILALAHI', '23T03', 'Teknik Informatika'),
('2301072', 'EFTI SARA BR HALOHO', '23T03', 'Teknik Informatika'),
('2301073', 'EVA SORTARIANI SITUMORANG', '23T03', 'Teknik Informatika'),
('2301074', 'EWIN IRWANSYAH', '23T03', 'Teknik Informatika'),
('2301075', 'FARHAN AL- BAHAQI', '23T03', 'Teknik Informatika'),
('2301076', 'GABRIEL LIMBONG', '23T03', 'Teknik Informatika'),
('2301077', 'GERY AL GHAZALI ', '23T03', 'Teknik Informatika'),
('2301078', 'HARUN MARULI SIREGAR', '23T03', 'Teknik Informatika'),
('2301079', 'JULHAM', '23T03', 'Teknik Informatika'),
('2301080', 'KRIS SANDI KUSNANDA', '23T03', 'Teknik Informatika'),
('2301081', 'MUHAMMAD SHAKA AZHARI', '23T03', 'Teknik Informatika'),
('2301082', 'NAZWA ADELIA PUTRI', '23T03', 'Teknik Informatika'),
('2301083', 'NIZAR MAHDI AL FAHRIZA', '23T03', 'Teknik Informatika'),
('2301084', 'RENDIKA ABDILLAH', '23T03', 'Teknik Informatika'),
('2301085', 'RIFKY ADRIANSYAH', '23T03', 'Teknik Informatika'),
('2301086', 'RIZKY AULIA HARDIANSYAH', '23T03', 'Teknik Informatika'),
('2301087', 'SAHAT BOY GABE MARULITUA SITOMPUL', '23T03', 'Teknik Informatika'),
('2301088', 'SAKAT ROKA NCIHUR NAPITUPULU', '23T03', 'Teknik Informatika'),
('2301089', 'SHRI NAWINES', '23T03', 'Teknik Informatika'),
('2301090', 'SIMON BONAR PURBA', '23T03', 'Teknik Informatika'),
('2301091', 'SINTIA ROHANI HUTABARAT', '23T03', 'Teknik Informatika'),
('2301092', 'SYAM NICKY REFVALDI', '23T03', 'Teknik Informatika'),
('2301093', 'TIRMIDZI FIRMANSYAH', '23T03', 'Teknik Informatika'),
('2301094', 'WIRA HANDIKA', '23T03', 'Teknik Informatika'),
('2301095', 'DANIEL LIMBONG', '23T03', 'Teknik Informatika'),
('2301096', 'KEVIN SILALAHI', '23T03', 'Teknik Informatika'),
('2301097', 'KEVIN SIHOTANG', '23T03', 'Teknik Informatika'),
('2301098', 'ALISA PUTRI AMANDA NASUTION', '23T01', 'Teknik Informatika'),
('2301099', 'ROBI SYAHRIF SINAGA', '23T01', 'Teknik Informatika'),
('2301100', 'SHAMIL AZAM', '23T01', 'Teknik Informatika'),
('2301101', 'ADVEN AGAPE SINAMO', '23T03', 'Teknik Informatika'),
('2301102', 'HAYA ATIQAH TAMPUBOLON', '23T01', 'Teknik Informatika'),
('2301103', 'THALITA NAZWA AULIA', '23T02', 'Teknik Informatika'),
('2301104', 'ADINDA FEBIOLA', '23T01', 'Teknik Informatika'),
('2301105', 'NATANAEL NAPITUPULU', '23T03', 'Teknik Informatika'),
('2301106', 'FERNANDO SIAHAAN', '23T01', 'Teknik Informatika'),
('2301107', 'NOVRI AZZAHRA BATUBARA', '23T03', 'Teknik Informatika'),
('2301108', 'PUTRI INTAN GRACIA SIANIPAR', '23T03', 'Teknik Informatika'),
('2302001', 'ABDULLAH MUJADID AL QOWI', '23S01', 'Sistem Informasi'),
('2302002', 'ADINDA NABILA', '23S01', 'Sistem Informasi'),
('2302003', 'ANDINI NURJANNAH', '23S01', 'Sistem Informasi'),
('2302004', 'ANGGI NURAINI P', '23S01', 'Sistem Informasi'),
('2302005', 'ANGGUN BUNGA LESTARI LUBIS', '23S01', 'Sistem Informasi'),
('2302006', 'ANNISA TRINABILA', '23S01', 'Sistem Informasi'),
('2302007', 'AZHARDA AFRIACI', '23S01', 'Sistem Informasi'),
('2302008', 'BAGAS TRY ATMAJA', '23S01', 'Sistem Informasi'),
('2302009', 'BUNGA SABILA', '23S01', 'Sistem Informasi'),
('2302010', 'CITRA AYUNINGTYAS', '23S01', 'Sistem Informasi'),
('2302011', 'DARMAN SAHPUTRA HAREFA', '23S01', 'Sistem Informasi'),
('2302012', 'DIAN NITA', '23S01', 'Sistem Informasi'),
('2302013', 'DINA VALENTINA', '23S01', 'Sistem Informasi'),
('2302014', 'DIYAR RAISMAWAN', '23S01', 'Sistem Informasi'),
('2302016', 'DYAH ARUM FADILAH', '23S01', 'Sistem Informasi'),
('2302017', 'FADLAN KHOIRI', '23S01', 'Sistem Informasi'),
('2302018', 'FAUZIYYAH MAWADDAH', '23S01', 'Sistem Informasi'),
('2302019', 'FITRAH ALFASYAH', '23S01', 'Sistem Informasi'),
('2302020', 'HAYA ATIKA SYAFI AH', '23S01', 'Sistem Informasi'),
('2302021', 'HAYA DWI NABILA', '23S01', 'Sistem Informasi'),
('2302022', 'ICHWANUL AFIF SIREGAR', '23S01', 'Sistem Informasi'),
('2302024', 'ISMA AULIA MUHARNI', '23S01', 'Sistem Informasi'),
('2302025', 'JUWITA PERMATA SARI', '23S01', 'Sistem Informasi'),
('2302026', 'KASIH NURSAIDAH HUSNINA BR SIREGAR', '23S01', 'Sistem Informasi'),
('2302027', 'MARTIN SAMOSIR', '23S01', 'Sistem Informasi'),
('2302028', 'MELISA LESTARI', '23S01', 'Sistem Informasi'),
('2302029', 'MU`AMMAR NUR KHOLIS', '23S01', 'Sistem Informasi'),
('2302030', 'MUHAMMAD ABDUL WAHID', '23S01', 'Sistem Informasi'),
('2302031', 'NADIA SIDAURUK', '23S01', 'Sistem Informasi'),
('2302032', 'NAZLA MUTYA RAMADHANI', '23S01', 'Sistem Informasi'),
('2302033', 'NINA HELNIDA SIADARI', '23S01', 'Sistem Informasi'),
('2302034', 'PUTRI ANDINI', '23S01', 'Sistem Informasi'),
('2302035', 'SAMUDRA FITRAH BJ TEGUH', '23S01', 'Sistem Informasi'),
('2302036', 'SINTIA NURUL HAMISAH', '23S01', 'Sistem Informasi'),
('2302037', 'SISKA SINAGA', '23S01', 'Sistem Informasi'),
('2302038', 'SITI HERAWATI', '23S01', 'Sistem Informasi'),
('2302039', 'SITI ZULHIJJA', '23S01', 'Sistem Informasi'),
('2302040', 'SURYANA PUTRI SIANTURI', '23S01', 'Sistem Informasi'),
('2302041', 'SYAF`A MUBARROK SIREGAR', '23S01', 'Sistem Informasi'),
('2302042', 'VICKY ATIV INSAN', '23S01', 'Sistem Informasi'),
('2302043', 'YUANDA STEFANNY', '23S01', 'Sistem Informasi'),
('2302044', 'AHDA AURA AZANI', '23S02', 'Sistem Informasi'),
('2302045', 'AHMAD FADLY', '23S02', 'Sistem Informasi'),
('2302046', 'ALYA MIRANTI', '23S02', 'Sistem Informasi'),
('2302047', 'ARKAN IZUDDIN', '23S02', 'Sistem Informasi'),
('2302048', 'AURA IQLIMA PUTRI', '23S02', 'Sistem Informasi'),
('2302049', 'BAYU DHARMA TRINANDA', '23S02', 'Sistem Informasi'),
('2302050', 'CALVIN MONT0YA', '23S02', 'Sistem Informasi'),
('2302051', 'DHEA APRILILA ', '23S02', 'Sistem Informasi'),
('2302052', 'DHOZI FARHAN', '23S02', 'Sistem Informasi'),
('2302053', 'DWI NATASYAH PUTRI', '23S02', 'Sistem Informasi'),
('2302054', 'DWI NIZIA SARAGIH', '23S02', 'Sistem Informasi'),
('2302055', 'EKA FANIA PUTRI', '23S02', 'Sistem Informasi'),
('2302056', 'FACHDIMAS AL RIZKY', '23S02', 'Sistem Informasi'),
('2302057', 'FARHAN RIZANTHA SIAHAAN', '23S02', 'Sistem Informasi'),
('2302058', 'FATHIYA AZRINA', '23S02', 'Sistem Informasi'),
('2302059', 'FEMY INES AUDI', '23S02', 'Sistem Informasi'),
('2302060', 'FITRA SONIA', '23S02', 'Sistem Informasi'),
('2302061', 'ICHA AURELLIA', '23S02', 'Sistem Informasi'),
('2302062', 'IMELDA FEBIOLA SIMANUNGKALIT', '23S02', 'Sistem Informasi'),
('2302063', 'INDRIYANI SYAHFITRI', '23S02', 'Sistem Informasi'),
('2302064', 'KAKA UDAYANA LUBIS', '23S02', 'Sistem Informasi'),
('2302065', 'LUSY ANGGRAINI AZHARI', '23S02', 'Sistem Informasi'),
('2302066', 'MUHAMMAD ILHAM', '23S02', 'Sistem Informasi'),
('2302067', 'MUHAMMAD ILMI KAUTSAR ZANDAN', '23S02', 'Sistem Informasi'),
('2302069', 'NABILA KHAIRUNNISA', '23S02', 'Sistem Informasi'),
('2302070', 'NATASYA PRAMUDA ANANTA', '23S02', 'Sistem Informasi'),
('2302071', 'NAZWA KHALISAH SALSABIL', '23S02', 'Sistem Informasi'),
('2302072', 'NURAHMA HANY', '23S02', 'Sistem Informasi'),
('2302073', 'PASKA JUNEDI PURBA', '23S02', 'Sistem Informasi'),
('2302074', 'PUTRI TIFANI', '23S02', 'Sistem Informasi'),
('2302075', 'RAFLY ALVA HADISTIRA', '23S02', 'Sistem Informasi'),
('2302076', 'RANDI RIFQI FADHIL', '23S02', 'Sistem Informasi'),
('2302077', 'RISNA WAHYUNI', '23S02', 'Sistem Informasi'),
('2302078', 'SAFFIRA IZZATI', '23S02', 'Sistem Informasi'),
('2302079', 'SALSABILA PUTRI MAKARIM', '23S01', 'Sistem Informasi'),
('2302080', 'SITI NURUL AINI RANGKUTI', '23S02', 'Sistem Informasi'),
('2302081', 'SYALWA NABILA PUTRI', '23S02', 'Sistem Informasi'),
('2302082', 'TRIA AIN FAUZIAH', '23S02', 'Sistem Informasi'),
('2302083', 'WANDA PRATIWI', '23S02', 'Sistem Informasi'),
('2302084', 'WENDI SIALLAGAN', '23S02', 'Sistem Informasi'),
('2302085', 'ZAHRA NAJIYAH YULHAN', '23S02', 'Sistem Informasi'),
('2302086', 'ADEAN FRANSTINO SIAGIAN', '23S03', 'Sistem Informasi'),
('2302087', 'AHMAD ALHAFIZ SANI', '23S03', 'Sistem Informasi'),
('2302088', 'AHMAD AULIA HABIB SANI', '23S03', 'Sistem Informasi'),
('2302089', 'ALDO FIRMANSYAH', '23S03', 'Sistem Informasi'),
('2302090', 'ANNALIZE SINAGA', '23S03', 'Sistem Informasi'),
('2302091', 'APRILIYANDA MAHARDIKSA S.', '23S03', 'Sistem Informasi'),
('2302092', 'CAHYA NADRA AFIFAH', '23S03', 'Sistem Informasi'),
('2302093', 'DEVITA HORASI DAMANIK', '23S03', 'Sistem Informasi'),
('2302094', 'DHEA ANINGTHIA SAMOSIR', '23S03', 'Sistem Informasi'),
('2302095', 'DWI ALFIANI SIREGAR', '23S03', 'Sistem Informasi'),
('2302096', 'FAHRIZA AULIA', '23S03', 'Sistem Informasi'),
('2302097', 'FATIKA FAJAR AKHFA SINAGA', '23S01', 'Sistem Informasi'),
('2302098', 'FERDINAND YOSHEPH HALOMOAN NAINGGOLAN', '23S03', 'Sistem Informasi'),
('2302099', 'IRWAN SYAHPUTRA', '23S03', 'Sistem Informasi'),
('2302100', 'M. FARHAN BILLYAHSAN', '23S03', 'Sistem Informasi'),
('2302101', 'MEILY SAWITRI', '23S03', 'Sistem Informasi'),
('2302102', 'MHD. RAMADHAN SYAHPUTRA', '23S03', 'Sistem Informasi'),
('2302103', 'MUFLIH ALFAQIH NASUTION', '23S03', 'Sistem Informasi'),
('2302104', 'MUHAMMAD RIFKY AZIZ', '23S03', 'Sistem Informasi'),
('2302105', 'NADILA NUR RAHMA', '23S03', 'Sistem Informasi'),
('2302106', 'NAJWAH SALWA NAFILAH ', '23S03', 'Sistem Informasi'),
('2302107', 'NAZA EZIRAH', '23S03', 'Sistem Informasi'),
('2302108', 'PITERVEN LEONARDO MANURUNG', '23S03', 'Sistem Informasi'),
('2302109', 'RANI NABABAN', '23S03', 'Sistem Informasi'),
('2302110', 'RAYHAN SUJIWO ABZAI', '23S08', 'Sistem Informasi'),
('2302111', 'RIZKY MAHAWADITRA', '23S03', 'Sistem Informasi'),
('2302112', 'RYAN HIDAYAT', '23S03', 'Sistem Informasi'),
('2302113', 'SASY KIRANA', '23S03', 'Sistem Informasi'),
('2302114', 'SRI MULYATI', '23S03', 'Sistem Informasi'),
('2302115', 'SUCI ALFISYAHRI CHANIAGO', '23S03', 'Sistem Informasi'),
('2302116', 'TAMARIA DESWITA LESTARI SIMANJUNTAK', '23S03', 'Sistem Informasi'),
('2302117', 'TAZKIYAH MANURUNG', '23S03', 'Sistem Informasi'),
('2302118', 'VANIA DESTRI AULIA', '23S03', 'Sistem Informasi'),
('2302119', 'VIVIN WIDYA SARAH AMBARITA', '23S03', 'Sistem Informasi'),
('2302120', 'WAHIDAH MAGHFIROH', '23S03', 'Sistem Informasi'),
('2302121', 'YAZID AL ARHAB', '23S03', 'Sistem Informasi'),
('2302122', 'YOGA PRATAMA SIREGAR', '23S03', 'Sistem Informasi'),
('2302123', 'YUNISHA ERIN PRESTISYA', '23S03', 'Sistem Informasi'),
('2302124', 'ZUHRI YASSA NABILA', '23S03', 'Sistem Informasi'),
('2302125', 'ADE FITRI KHAERANI RANGKUTI', '23S04', 'Sistem Informasi'),
('2302126', 'AGIN DINATA', '23S04', 'Sistem Informasi'),
('2302127', 'ALFIN KURNIAWAN', '23S04', 'Sistem Informasi'),
('2302128', 'ALYA SAVILTRI ASYURA SIAGIAN', '23S07', 'Sistem Informasi'),
('2302129', 'ANAS SANTRIAJI', '23S04', 'Sistem Informasi'),
('2302130', 'ANGELICA STEFANNY DAMANIK', '23S04', 'Sistem Informasi'),
('2302131', 'APRIANDO SIMANJUNTAK', '23S04', 'Sistem Informasi'),
('2302132', 'CINDY AULIA DWI PUTRI ', '23S04', 'Sistem Informasi'),
('2302133', 'DHYNA NURHASNI', '23S04', 'Sistem Informasi'),
('2302134', 'DIFTA ARYA PRATAMA', '23S04', 'Sistem Informasi'),
('2302135', 'DIVA UKHWA MAWARNI LUBIS', '23S04', 'Sistem Informasi'),
('2302136', 'DYLA TRI AULIAH', '23S04', 'Sistem Informasi'),
('2302137', 'FAJAR FIRMANSYAH', '23S04', 'Sistem Informasi'),
('2302138', 'FITRI AMALIA', '23S04', 'Sistem Informasi'),
('2302139', 'GADING AMARTADIPURA', '23S04', 'Sistem Informasi'),
('2302140', 'GUFRON TAUFIQ NUGRAHA', '23S04', 'Sistem Informasi'),
('2302141', 'HIRO OZAKI RISWANDI', '23S04', 'Sistem Informasi'),
('2302142', 'IMELDA J.TAMPUBOLON', '23S04', 'Sistem Informasi'),
('2302143', 'LEONARDO HUTASOIT ', '23S04', 'Sistem Informasi'),
('2302144', 'MICHAEL SERGIO VERNANDEZ SINURAT', '23S04', 'Sistem Informasi'),
('2302145', 'MUHAMMAD FARHAN ', '23S04', 'Sistem Informasi'),
('2302146', 'MUHAMMAD IQBAL', '23S04', 'Sistem Informasi'),
('2302147', 'MUTIARA ADDINI', '23S03', 'Sistem Informasi'),
('2302148', 'NAIYA ALIFIA', '23S04', 'Sistem Informasi'),
('2302149', 'NIKEN AYUNDA ', '23S04', 'Sistem Informasi'),
('2302150', 'NIZAR ARDIANYSAH LUBIS', '23S04', 'Sistem Informasi'),
('2302152', 'PUTRI AMELIA AZZAHRA', '23S04', 'Sistem Informasi'),
('2302153', 'RAHMA MAWADDAH PURBA', '23S04', 'Sistem Informasi'),
('2302154', 'RAHMAD DERMAWAN LUBIS', '23S08', 'Sistem Informasi'),
('2302155', 'RAYHAN NOVALDI', '23S04', 'Sistem Informasi'),
('2302156', 'RIZKY ADINY SYAKIRA SARAGIH', '23S04', 'Sistem Informasi'),
('2302157', 'RIZKY PRATAMA GINTING', '23S04', 'Sistem Informasi'),
('2302158', 'ROBBIATUL AWALIYAH', '23S04', 'Sistem Informasi'),
('2302159', 'SATRIA BIMA PRATAMA ', '23S04', 'Sistem Informasi'),
('2302160', 'SITI NADA SHAKILA', '23S04', 'Sistem Informasi'),
('2302161', 'SOFIE ARTIKA MURNI DAMANIK', '23S03', 'Sistem Informasi'),
('2302162', 'SUCI RIZKI RAMADHANI DAMANIK', '23S04', 'Sistem Informasi'),
('2302163', 'SYAFWAN CHALIK PRILZI JULFIANDI', '23S04', 'Sistem Informasi'),
('2302164', 'TEGUH HADY NURWAHID', '23S04', 'Sistem Informasi'),
('2302165', 'YOHANA SIALLAGAN', '23S04', 'Sistem Informasi'),
('2302166', 'ZIYAN SYAH', '23S04', 'Sistem Informasi'),
('2302167', 'ABDUL RAHMAN NASUTION', '23S05', 'Sistem Informasi'),
('2302168', 'ADE JOYTO SITOMPUL', '23S05', 'Sistem Informasi'),
('2302169', 'AFRILYA WULANDARI', '23S05', 'Sistem Informasi'),
('2302170', 'AHMAD GILANG MUBAROKAH', '23S05', 'Sistem Informasi'),
('2302171', 'AKLIMA LADUNA RAMADYA', '23S05', 'Sistem Informasi'),
('2302172', 'ALI ABGAS', '23S05', 'Sistem Informasi'),
('2302173', 'ALIYA FIRANTI', '23S05', 'Sistem Informasi'),
('2302174', 'ANNISA AMALIA', '23S05', 'Sistem Informasi'),
('2302175', 'AYUNDA NUZULLAH', '23S05', 'Sistem Informasi'),
('2302176', 'BAGAS ADI NATA', '23S05', 'Sistem Informasi'),
('2302177', 'BAGINDA FAUSTINE SINAGA', '23S05', 'Sistem Informasi'),
('2302178', 'BINTANG TRIGUNA', '23S05', 'Sistem Informasi'),
('2302179', 'CANSA ALRAFAH', '23S05', 'Sistem Informasi'),
('2302180', 'CHAIRUL NUR HAFIZH', '23S05', 'Sistem Informasi'),
('2302181', 'DEA RISKA APRILIA', '23S05', 'Sistem Informasi'),
('2302182', 'DEWI JAYANTI ', '23S05', 'Sistem Informasi'),
('2302183', 'EGA WAHYU ANDANI', '23S05', 'Sistem Informasi'),
('2302184', 'ENDA PRATAMA SEMBIRING', '23S05', 'Sistem Informasi'),
('2302185', 'FERNANDO', '23S05', 'Sistem Informasi'),
('2302186', 'HABIB ADZAN RAMDANI', '23S05', 'Sistem Informasi'),
('2302187', 'HABIB NAUFAL', '23S05', 'Sistem Informasi'),
('2302188', 'HIBRIZI HIBATULLAH', '23S05', 'Sistem Informasi'),
('2302190', 'LIAN DWI SAPUTRA TANJUNG', '23S05', 'Sistem Informasi'),
('2302191', 'LULU HIDAYAH HARAHAP', '23S05', 'Sistem Informasi'),
('2302192', 'M.ALFATHAN HARIS', '23S05', 'Sistem Informasi'),
('2302193', 'MIRZA AFIF PRADIVTA', '23S05', 'Sistem Informasi'),
('2302194', 'MUHAMMAD AL FARITSY NASUTION', '23S05', 'Sistem Informasi'),
('2302195', 'MUHAMMAD IZAZ DAFFA ALKINDI', '23S05', 'Sistem Informasi'),
('2302196', 'MUHAMMAD RIZKY RAMADHAN', '23S05', 'Sistem Informasi'),
('2302197', 'MUSTIKA ALMUTHI MAWARDANI', '23S05', 'Sistem Informasi'),
('2302198', 'NABILA PUTRI ASSYIFA', '23S05', 'Sistem Informasi'),
('2302199', 'NAILAH MUNISA', '23S03', 'Sistem Informasi'),
('2302200', 'NURUL HIDAYAH DAMANIK', '23S05', 'Sistem Informasi'),
('2302201', 'RAYHAN ABDILLAH LUBIS', '23S05', 'Sistem Informasi'),
('2302202', 'REGITA AUDYNA SIREGAR', '23S05', 'Sistem Informasi'),
('2302203', 'RIKA AMANDA', '23S05', 'Sistem Informasi'),
('2302204', 'RINALDI NUGRAHA SARAGIH', '23S05', 'Sistem Informasi'),
('2302205', 'RIZKY NURHASANAH', '23S05', 'Sistem Informasi'),
('2302206', 'SALIKA DWI NAVITA', '23S03', 'Sistem Informasi'),
('2302207', 'TIARA DWI LESTARI PURBA', '23S05', 'Sistem Informasi'),
('2302208', 'YOEL MANONDANG SILALAHI', '23S05', 'Sistem Informasi'),
('2302209', 'YONATAN HUTABARAT', '23S05', 'Sistem Informasi'),
('2302210', 'ABIL GHOZALI SARAGIH', '23S06', 'Sistem Informasi'),
('2302211', 'AGUM FAZA ALFATA', '23S06', 'Sistem Informasi'),
('2302212', 'AGUNG TANTRA SEPZULFI', '23S06', 'Sistem Informasi'),
('2302213', 'AISYA CAHYA KARIMAH', '23S06', 'Sistem Informasi'),
('2302214', 'ALIEF PANGGABEAN', '23S07', 'Sistem Informasi'),
('2302215', 'ALIN AMELIA', '23S06', 'Sistem Informasi'),
('2302216', 'ANDRE HANAFI NAIBAHO', '23S06', 'Sistem Informasi'),
('2302217', 'ANDRE SUHADA', '23S08', 'Sistem Informasi'),
('2302218', 'ANGGI ANTIKA', '23S06', 'Sistem Informasi'),
('2302219', 'ARILIUS KASDAR NAINGGOLAN', '23S06', 'Sistem Informasi'),
('2302220', 'ARJUN DARMA HUTASUHUT', '23S06', 'Sistem Informasi'),
('2302221', 'AROFI LA RODSA SIREGAR', '23S06', 'Sistem Informasi'),
('2302222', 'AVRILLIA ANDHINI', '23S06', 'Sistem Informasi'),
('2302223', 'DENI ARDIANZAH', '23S06', 'Sistem Informasi'),
('2302224', 'DHOLY ADRIAN PARDEDE', '23S06', 'Sistem Informasi'),
('2302225', 'DINDA AFRILA', '23S06', 'Sistem Informasi'),
('2302226', 'DIPA FAHREZY SITUMORANG', '23S06', 'Sistem Informasi'),
('2302227', 'FADLI ALFARIDZ SINURAYA', '23S06', 'Sistem Informasi'),
('2302228', 'FRANCISKUS SIAGIAN', '23S06', 'Sistem Informasi'),
('2302229', 'GIFFARI ZAKKA WALY', '23S06', 'Sistem Informasi'),
('2302231', 'IRVAN HAVIS', '23S06', 'Sistem Informasi'),
('2302232', 'JODIKA PUTRA MARKUS PURBA', '23S06', 'Sistem Informasi'),
('2302233', 'LEXA HARIANJA', '23S06', 'Sistem Informasi'),
('2302235', 'MUHAMMAD AFDHAL ALDAFFA', '23S02', 'Sistem Informasi'),
('2302236', 'NADYA', '23S06', 'Sistem Informasi'),
('2302237', 'NAILAH HAFSAH', '23S06', 'Sistem Informasi'),
('2302238', 'NESA PRATIWI HARAHAP', '23S06', 'Sistem Informasi'),
('2302239', 'NIKOLAS RAFAEL SIALLAGAN', '23S06', 'Sistem Informasi'),
('2302240', 'RAGIL KURNIAWAN', '23S08', 'Sistem Informasi'),
('2302241', 'RINDU ALBERT BUTARBUTAR', '23S06', 'Sistem Informasi'),
('2302242', 'SHANDA NURHALIZAH', '23S06', 'Sistem Informasi'),
('2302243', 'SIDIQ AR-RAHMAN', '23S06', 'Sistem Informasi'),
('2302244', 'SURIO PARCHO ROBERTHO PURBA', '23S06', 'Sistem Informasi'),
('2302245', 'SUTAN FACHRAN MAULANA LUBIS', '23S06', 'Sistem Informasi'),
('2302246', 'WILSON VANDIVINATA TURNIP', '23S06', 'Sistem Informasi'),
('2302247', 'ADE WIRA DANA', '23S07', 'Sistem Informasi'),
('2302248', 'AFDHAL FRIZZY LUBIS', '23S07', 'Sistem Informasi'),
('2302249', 'AFRAHUL FADHILAH LUBIS', '23S07', 'Sistem Informasi'),
('2302250', 'AGUM TEDI ASTIAN', '23S07', 'Sistem Informasi'),
('2302251', 'AGYM AKBAR', '23S07', 'Sistem Informasi'),
('2302252', 'AHMAD RIFAI', '23S07', 'Sistem Informasi'),
('2302253', 'ALIFIA DIVA ANZAIN', '23S07', 'Sistem Informasi'),
('2302254', 'ANDRE SYAHPUTRA TAMBUNAN', '23S07', 'Sistem Informasi'),
('2302255', 'ANITA SALSABILLA', '23S07', 'Sistem Informasi'),
('2302256', 'AYU SETYA NINGSIH ', '23S07', 'Sistem Informasi'),
('2302257', 'AZHAR ASLAM DWIPUTRA', '23S07', 'Sistem Informasi'),
('2302258', 'BOBY FEDLY SIMANGUNSONG', '23S07', 'Sistem Informasi'),
('2302259', 'CEN HASAN BASRI', '23S07', 'Sistem Informasi'),
('2302260', 'CYNTIA OCTAVIANI SINURAT', '23S07', 'Sistem Informasi'),
('2302261', 'DIMAS ABDI ALAMSYAH', '23S07', 'Sistem Informasi'),
('2302262', 'DONY ARGA SINAGA', '23S07', 'Sistem Informasi'),
('2302263', 'GRACE LYANTY SIMANJUNTAK', '23S07', 'Sistem Informasi'),
('2302264', 'HAMBALI AHMAD', '23S07', 'Sistem Informasi'),
('2302265', 'ILMA ADETIA', '23S07', 'Sistem Informasi'),
('2302266', 'IMAM SAPUTRA SINAGA', '23S07', 'Sistem Informasi'),
('2302267', 'MHD HAMID AKBAR', '23S07', 'Sistem Informasi'),
('2302268', 'MUHAMMAD ALDI FAISAL SINAGA', '23S07', 'Sistem Informasi'),
('2302269', 'MUHAMMAD RASYID SIREGAR', '23S07', 'Sistem Informasi'),
('2302270', 'MUHAMMAD YUDHO YOSSADEWA', '23S07', 'Sistem Informasi'),
('2302271', 'NADHILAH MUCHRIDHA FATHMY', '23S07', 'Sistem Informasi'),
('2302272', 'NAZWA AULIA', '23S07', 'Sistem Informasi'),
('2302273', 'NAZWA NAYLA TRIFANI', '23S07', 'Sistem Informasi'),
('2302274', 'NISA AULIA', '23S07', 'Sistem Informasi'),
('2302275', 'NURUL LIZA UTAMI', '23S07', 'Sistem Informasi'),
('2302276', 'RAHEL MARGARETHA SIMORANGKIR', '23S07', 'Sistem Informasi'),
('2302277', 'RAMADAN BUTAR-BUTAR', '23S07', 'Sistem Informasi'),
('2302278', 'SAFIRA ALIFAH', '23S07', 'Sistem Informasi'),
('2302279', 'SALSA NABILA', '23S07', 'Sistem Informasi'),
('2302280', 'SASKIA FACHREZIAH', '23S07', 'Sistem Informasi'),
('2302281', 'SHEZA PRASETYA', '23S07', 'Sistem Informasi'),
('2302282', 'SIFA QOLBI MUHARANI NASUTION', '23S07', 'Sistem Informasi'),
('2302283', 'SYUKRON HADIDA', '23S07', 'Sistem Informasi'),
('2302284', 'THESSA AYU ALINIA', '23S07', 'Sistem Informasi'),
('2302285', 'ADE SOFIYAN NASUTION', '23S08', 'Sistem Informasi'),
('2302286', 'ADRIAN YAZID JALNA LUBIS', '23S08', 'Sistem Informasi'),
('2302287', 'AGIL AULYA', '23S08', 'Sistem Informasi'),
('2302288', 'AGUS SATRIA', '23S08', 'Sistem Informasi'),
('2302289', 'ANSHOR EDO SYAHPUTRA', '23S08', 'Sistem Informasi'),
('2302290', 'ARWIKA TANTIA', '23S08', 'Sistem Informasi'),
('2302291', 'ASFI ISWANDI', '23S08', 'Sistem Informasi'),
('2302292', 'AZZMI SYAHBILLAH LUBIS', '23S08', 'Sistem Informasi'),
('2302293', 'BAGAS TUAHDIN TORIK PURBA', '23S08', 'Sistem Informasi'),
('2302294', 'DAMEYANTI PURBA', '23S08', 'Sistem Informasi'),
('2302295', 'DESTINA NATALINA HALOHO', '23S08', 'Sistem Informasi'),
('2302296', 'DINDA ARISKA NAZLI', '23S08', 'Sistem Informasi'),
('2302297', 'DINDA AYU WANDIRA', '23S08', 'Sistem Informasi'),
('2302298', 'FADIAH RIZKY SIMANJUNTAK', '23S08', 'Sistem Informasi'),
('2302299', 'FAUZIAH ANISA HARAHAP', '23S08', 'Sistem Informasi'),
('2302300', 'HANIFAH NUR ZAHRA', '23S08', 'Sistem Informasi'),
('2302301', 'HANY ZAHRAH ATHIRAH', '23S08', 'Sistem Informasi'),
('2302302', 'HARI PRASETYO ', '23S08', 'Sistem Informasi'),
('2302303', 'IKMAL RAMADHAN', '23S08', 'Sistem Informasi'),
('2302304', 'ISNAYARI NASUTION', '23S08', 'Sistem Informasi'),
('2302305', 'MARTHIN VAN`OI SITOHANG', '23S08', 'Sistem Informasi'),
('2302306', 'MIKAEL NAPITUPULU', '23S08', 'Sistem Informasi'),
('2302307', 'MUHAMMAD IKHSAN HAFIZ TANJUNG', '23S08', 'Sistem Informasi'),
('2302308', 'NAILA ZULFA SIREGAR', '23S03', 'Sistem Informasi'),
('2302309', 'NAUFAL AFIF HARYA', '23S08', 'Sistem Informasi'),
('2302310', 'NAYLA RIZKI HANDAYANI', '23S08', 'Sistem Informasi'),
('2302313', 'RAIHAN', '23S08', 'Sistem Informasi'),
('2302314', 'RATI AFRIZA', '23S08', 'Sistem Informasi'),
('2302315', 'RICO TAMPATI HUTAGALUNG', '23S08', 'Sistem Informasi'),
('2302316', 'RISTI FAUZIAH', '23S08', 'Sistem Informasi'),
('2302318', 'SHOFI RASICA DAMANIK', '23S08', 'Sistem Informasi'),
('2302319', 'SITI RAUDATUL ALAWIYAH', '23S08', 'Sistem Informasi'),
('2302320', 'SONIA RAMADANI', '23S08', 'Sistem Informasi'),
('2302321', 'SUCI AJENG UTAMI', '23S08', 'Sistem Informasi'),
('2302322', 'SUCI AMANDA WULANDARY', '23S08', 'Sistem Informasi'),
('2302323', 'SUCI RIZKY RAMADHANI MANURUNG', '23S08', 'Sistem Informasi'),
('2302324', 'SYAHIFUL MUSALIM', '23S08', 'Sistem Informasi'),
('2302325', 'SYUHDI ABDULLAH LUBIS', '23S08', 'Sistem Informasi'),
('2302326', 'TASYA AL FITRAH', '23S08', 'Sistem Informasi'),
('2302327', 'WINDA ANABILIA', '23S08', 'Sistem Informasi'),
('2302328', 'YUSRIZAL FEBIAN MAULANA', '23S08', 'Sistem Informasi'),
('2302329', 'ANDREAS ANUGRAH SITORUS', '23S09', 'Sistem Informasi'),
('2302330', 'DIAN DWI WANDA', '23S09', 'Sistem Informasi'),
('2302331', 'DITA HANIKA', '23S09', 'Sistem Informasi'),
('2302332', 'ESRA DWITA MARIANI SIHOTANG', '23S09', 'Sistem Informasi'),
('2302333', 'FAISAL AHDA DAMANIK', '23S09', 'Sistem Informasi'),
('2302334', 'FITRY WAHYUNI POHAN', '23S09', 'Sistem Informasi'),
('2302335', 'HENDRA SURYA WINATA', '23S09', 'Sistem Informasi'),
('2302336', 'HERMANDO FRANCISKO SIMORANGKIR', '23S09', 'Sistem Informasi'),
('2302337', 'LEFRIONICA SINAGA', '23S09', 'Sistem Informasi'),
('2302338', 'RIZKA ASTIVANY', '23S09', 'Sistem Informasi'),
('2302339', 'SAKINAH TARIGAN', '23S09', 'Sistem Informasi'),
('2302340', 'SRI WULANDIKA', '23S09', 'Sistem Informasi'),
('2302341', 'STEPHEN HALIM', '23S09', 'Sistem Informasi'),
('2302342', 'WULANDARI', '23S09', 'Sistem Informasi'),
('2302343', 'YOSUA SEPDIAN TURNIP', '23S09', 'Sistem Informasi'),
('2302344', 'DEDEK HARDIANSYAH SINAGA', '23S09', 'Sistem Informasi'),
('2302345', 'SRI EKA NOVRIANY', '23S09', 'Sistem Informasi'),
('2302347', 'DIMAS FADILA', '23S06', 'Sistem Informasi'),
('2302348', 'MHD. FAZA SUWARDANA', '23S06', 'Sistem Informasi'),
('2302349', 'MHD. SATRIA PRATAMA', '23S06', 'Sistem Informasi'),
('2302350', 'ARNISA MAHRANI POHAN', '23S07', 'Sistem Informasi'),
('2302351', 'ZAKKI HABIBI SARAGIH', '23S08', 'Sistem Informasi'),
('2302352', 'GIBRAN NUGRAHA', '23S06', 'Sistem Informasi'),
('2302353', 'IKHSAN', '23S06', 'Sistem Informasi'),
('2302354', 'RISWANDI S DAMANIK', '23S09', 'Sistem Informasi'),
('2302355', 'MUHAMMAD ASLAM ALMUBAROQ', '23S06', 'Sistem Informasi'),
('2302356', 'ANGGUN FEBIOLA SIMBOLON', '23S03', 'Sistem Informasi'),
('2302357', 'MUHAMMAD AZHAR RASYID', '23S07', 'Sistem Informasi'),
('2302358', 'LUKY REZA HUTASOIT', '23S04', 'Sistem Informasi'),
('2302359', 'DEDE ADITIYAH HASIBUAN', '23S09', 'Sistem Informasi'),
('2302360', 'FADHIL GANDHI PRADANA', '23S09', 'Sistem Informasi'),
('2302361', 'RAHMA DHEA SAFITRI', '23S05', 'Sistem Informasi'),
('2302362', 'YONATHAN ROMANA GINTING', '23S05', 'Sistem Informasi'),
('2302363', 'KETRIN PUTRI ANJELINA SIMARE-MARE', '23S03', 'Sistem Informasi'),
('2302364', 'ALMAH WIJAYA ALHAKIM', '23S01', 'Sistem Informasi'),
('2302365', 'CHAIRIL HAMDI', '23S06', 'Sistem Informasi'),
('2302366', 'INTAN SARI DEWI SARAGIH', '23S09', 'Sistem Informasi'),
('2302367', 'PRAY ARGALOVA SINAGA', '23S04', 'Sistem Informasi'),
('2302368', 'BONAKRISTIAN PASARIBU', '23S09', 'Sistem Informasi'),
('2302369', 'MUHAMMAD BINTANG', '23S09', 'Sistem Informasi'),
('2302370', 'NIA RAMADANI', '23S01', 'Sistem Informasi'),
('2302371', 'ZIHAN LESTARI', '23S03', 'Sistem Informasi'),
('2302372', 'DEDI VERNANDO SILALAHI', '23S09', 'Sistem Informasi'),
('2302373', 'MUHAMAD HADY PURWONO', '23S09', 'Sistem Informasi'),
('2302374', 'DESKI NURAHAYU', '23S02', 'Sistem Informasi'),
('2302375', 'MUHAMMAD RIFKY ADRIAN', '23S07', 'Sistem Informasi'),
('2302377', 'DINDA ALLOYNA SURBAKTI', '23S02', 'Sistem Informasi'),
('2303001', 'ARYANIAZMI', '23M01', 'Manajemen Informatika'),
('2303002', 'ASHIFA NUR AINA', '23M01', 'Manajemen Informatika'),
('2303003', 'DINA DOSMA PANJAITAN', '23M01', 'Manajemen Informatika'),
('2303004', 'FERDINAND SARAGIH', '23M01', 'Manajemen Informatika'),
('2303005', 'IPANRO GILBERT SILABAN', '23M01', 'Manajemen Informatika'),
('2303006', 'NAJWA MUTIA ARMAYANI NASUTION', '23M01', 'Manajemen Informatika'),
('2303007', 'NOVRALINA ANGGRAINI PURBA', '23M01', 'Manajemen Informatika'),
('2303008', 'PERDINAN JHON PARMAN NAINGGOLAN', '23M01', 'Manajemen Informatika'),
('2303009', 'RICHARD DICKSON SILALAHI', '23M01', 'Manajemen Informatika'),
('2303010', 'WANDA EKA NUGRAHA', '23M01', 'Manajemen Informatika'),
('2303011', 'EFRIL LENI LAMAITA NAINGGOLAN', '23M02', 'Manajemen Informatika'),
('2303012', 'FARHAN DWI SADANA', '23M02', 'Manajemen Informatika'),
('2303013', 'MONARLISA SIJABAT', '23M02', 'Manajemen Informatika'),
('2303014', 'MUHAMMAD ARIF FIRMANSYAH SINAGA', '23M02', 'Manajemen Informatika'),
('2303015', 'TARULI BRIANY SIREGAR', '23M01', 'Manajemen Informatika'),
('2303016', 'HAFIZAH RAHMI LUBIS', '23M01', 'Manajemen Informatika'),
('2303017', 'ZASKIA AULIA ZAHRA', '23M01', 'Manajemen Informatika'),
('2303018', 'IRMA RISKA SIREGAR', '23M02', 'Manajemen Informatika'),
('2303019', 'SALSABILA', '23M02', 'Manajemen Informatika'),
('2303020', 'UMAR ABDUL AZIS NST', '23M02', 'Manajemen Informatika'),
('2303021', 'ERNI SYLVIA', '23M02', 'Manajemen Informatika'),
('2303022', 'FAISAL FACHRI TOBING', '23M01', 'Manajemen Informatika'),
('2303023', 'TEGUH ALIEF PRATAMA BUTARBUTAR', '23M02', 'Manajemen Informatika'),
('2303024', 'VERY AFRIZAL', '23M02', 'Manajemen Informatika'),
('2303025', 'RAFAEL SIMANJUNTAK', '23M01', 'Manajemen Informatika'),
('2304001', 'EVLYN GIOVANY SINAGA', '23K01', 'Komputerisasi Akuntansi'),
('2304003', 'IRA WIDYA SARI', '23K01', 'Komputerisasi Akuntansi'),
('2304004', 'SOFIANI DAMANIK', '23K02', 'Komputerisasi Akuntansi'),
('2304005', 'SULAIMAN', '23K02', 'Komputerisasi Akuntansi'),
('2304006', 'MESINTA SARI', '23K01', 'Komputerisasi Akuntansi'),
('2304007', 'GRACE TASYA SIMANJUNTAK', '23K02', 'Komputerisasi Akuntansi'),
('2304008', 'INDAH AWALIA DAMANIK', '23K02', 'Komputerisasi Akuntansi'),
('2304009', 'PUTRI SALSA BILLA.P', '23K02', 'Komputerisasi Akuntansi');

-- --------------------------------------------------------

--
-- Struktur dari tabel `peserta`
--

CREATE TABLE `peserta` (
  `nim` varchar(15) NOT NULL,
  `nosk` varchar(50) NOT NULL,
  `tgl_sempro` date NOT NULL,
  `judul` text NOT NULL,
  `pem1` varchar(50) NOT NULL,
  `pem2` varchar(50) NOT NULL,
  `ketua_peng` varchar(50) NOT NULL,
  `peng1` varchar(50) NOT NULL,
  `peng2` varchar(50) NOT NULL
) ENGINE=InnoDB DEFAULT CHARSET=latin1;

--
-- Dumping data untuk tabel `peserta`
--

INSERT INTO `peserta` (`nim`, `nosk`, `tgl_sempro`, `judul`, `pem1`, `pem2`, `ketua_peng`, `peng1`, `peng2`) VALUES
('2001017', '012/SKPj/SEM-PRO/WKT-1/STIKOM-TB/III/2024', '2024-03-24', 'Optimasi Metode DBI dan Silhoutte Dalam Menentukan Kualitas Hotel di Bali Menggunakan Algoritma K-Means', 'Dr. Dedy Hartama, S.T., M.Kom', 'Dr. Solikhun, M.Kom', 'Dr. Solikhun, M.Kom', 'Eka Irawan, M.Kom', 'Fazli Nugraha Tambunan, S.P., M.Kom'),
('2001034', '015/SKPj/SEM-PRO/WKT-1/STIKOM-TB/III/2024', '2024-03-24', 'Penerapan Data Mining Dalam Pengelompokan Data Indeks Pembangunan Manusia di Indonesia Menggunakan Algoritma K-Means ', 'Muhammad Ridwan Lubis, M.Kom', 'Surya Darma, M.Kom', 'Dr. Solikhun, M.Kom', 'Anjar Wanto, M.Kom', 'Wendi Robiansyah, M.Kom'),
('2001113', '013/SKPj/SEM-PRO/WKT-1/STIKOM-TB/III/2024', '2024-03-24', 'Implementasi Jaringan Saraf Tiruan Dalam Memprediksi Pertumbuhan Penduduk Gereja Katolik Tanah Jawa Dengan Algoritma Conjugate Gradient Polak Ribiere', 'Sumarno, M.Kom', 'Indra Gunawan, M.Kom', 'Dr. Solikhun, M.Kom', 'Dr. Solikhun, M.Kom', 'P.P.P.A.N.W Fikrul Ilmi R.H Zer, M.Kom'),
('2001120', '014/SKPj/SEM-PRO/WKT-1/STIKOM-TB/III/2024', '2024-03-24', 'Pemanfaatan Algoritma Clustering k-means dalam mengelompokkan persentase tenaga kerja Formal menurut provinsi', 'Riki Winanjaya, M.Kom', 'Zulia Almaida Siregar, MM', 'Dr. Solikhun, M.Kom', 'Agus Perdana Windarto, M.Kom', 'Muhammad Ridwan Lubis, M.Kom'),
('2002010', '010/SKPj/SEM-PRO/WKT-1/STIKOM-TB/III/2024', '2024-03-24', 'IMPLEMENTASI ALGORITMA K-MEANS DAN K-MEDOIDS DALAM PERSENTASE MEROKOK DI ATAS UMUR  15 TAHUN', 'Dr. M. Safii, M.Kom', 'Ilham Syahputra Saragih, S. Sos, M.M', 'Irfan Sudahri Damanik, M.Kom', 'Dr. Dedy Hartama, S.T, M.Kom', 'Abdi Rahim Damanik, M.Kom'),
('2002018', '011/SKPj/SEM-PRO/WKT-1/STIKOM-TB/III/2024', '2024-03-24', 'IMPLEMENTASI ALGORITMA K-MEANS PADA RUMAH TANGGA YANG MENGAKSES INTERNET BERDASARKAN PROVINSI', 'Dr. M. Safii, M.Kom', 'Anjar Wanto, M.Kom', 'Irfan Sudahri Damanik, M.Kom', 'Surya Darma, M.Kom', 'Abdi Rahim Damanik, M.Kom'),
('2002033', '009/SKPj/SEM-PRO/WKT-1/STIKOM-TB/III/2024', '2024-03-24', 'Analisis Perbandingan Algoritma K-Means dan K-Medoids Untuk Pengelompokkan Pengangguran Terbuka Menurut Provinsi', 'Dr. M. Safii, M.Kom', 'Ilham Syahputra Saragih, S. Sos, M.M', 'Irfan Sudahri Damanik, M.Kom', 'Dr. Dedy Hartama, S.T, M.Kom', 'Surya Darma, M.Kom'),
('2002035', '001/SKPj/SEM-PRO/WKT-1/STIKOM-TB/III/2024', '2024-03-24', 'Prediksi Jumlah Penduduk Menggunakan Multiple Regression dan rumus geometri  Berdasarkan Data Demografi', 'Dr. M. Safii, M.Kom', 'Abdi Rahim Damanik, M.Kom', 'Eka Irawan, M.Kom', 'Surya Darma, M.Kom', 'Rizki Alfadillah Nasution, S.P, M.M'),
('2002059', '006/SKPj/SEM-PRO/WKT-1/STIKOM-TB/III/2024', '2024-03-24', 'Perbandingan Metode  Algoritma C4.5 Dan Naive Baiyes Dalam Mengklasifikasi Kepuasan Pegawai Terhadap Sarana Dan Prasarana (Studi Kasus: Kejaksaan Pematangsiantar)', 'Muhammad Ridwan Lubis, M.Kom', 'Hendry Qurniawan, S.Kom,. MM', 'Irfan Sudahri Damanik, M.Kom', 'Irfan Sudahri Damanik, M.Kom', 'Ilham Syahputra Saragih, S.Sos, M.M'),
('2002060', '007/SKPj/SEM-PRO/WKT-1/STIKOM-TB/III/2024', '2024-03-24', 'Penerapan Metode Multi Attribute Utility Theory (MAUT) Dalam Menentukan Penerima Bantuan Sosial PKH', 'Eka Irawan, M.Kom', 'Rizki Alfadillah Nasution, S.P, M.M', 'Irfan Sudahri Damanik, M.Kom', 'Surya Darma, M.Kom', 'Ilham Syahputra Saragih, S.Sos, M.M'),
('2002063', '003/SKPj/SEM-PRO/WKT-1/STIKOM-TB/III/2024', '2024-03-24', 'Implementasi Data Mining dalam Menganalisa Tingkat Kepuasan Konsumen Terhadap Kualitas Pelayanan Menggunakan Metode Klasifikasi Algoritma C4.5', 'Dr. Solikhun, M.Kom', 'Fitri Rizky, M.Pd', 'Eka Irawan, M.Kom', 'Eka Irawan, M.Kom', 'P.P.P.A.N.W Fikrul Ilmi R.H Zer, M.Kom'),
('2002068', '005/SKPj/SEM-PRO/WKT-1/STIKOM-TB/III/2024', '2024-03-24', 'Perbandingan Metode Klasifikasi C4.5 Dan Naive Bayes Dalam Mengukur Kepuasan Masyarakat Terhadap Pelayanan Terpadu Satu Pintu (PTSP)', 'Dr. Solikhun, M.Kom', 'Riki Winanjaya, M.Kom', 'Irfan Sudahri Damanik, M.Kom', 'Irfan Sudahri Damanik, M.Kom', 'Ilham Syahputra Saragih, S.Sos, M.M'),
('2002079', '004/SKPj/SEM-PRO/WKT-1/STIKOM-TB/III/2024', '2024-03-24', 'Optimasi Jumlah Cluster Algoritma K-Medoids Berdasarkan Nilai DBI pada Pengelompokkan Tingkat Pendidikan Sekolah Dasar Menurut Provinsi', 'Harly Okprana, M.Kom', 'Zulaini Masruro Nasution, S.Pd.I., M.Pd', 'Eka Irawan, M.Kom', 'Eka Irawan, M.Kom', 'Fazli Nugraha Tambunan, S.P., M.Kom'),
('2002088', '002/SKPj/SEM-PRO/WKT-1/STIKOM-TB/III/2024', '2024-03-24', 'Prediksi kelayakan pemberian kredit nasabah menggunakan algoritma Naive bayes (Studi kasus : PT Mandala Multifinance Tbk Pematang siantar', 'Dr. Dedy Hartama, S.T., M.Kom', 'Riki Winanjaya, M.Kom', 'Eka Irawan, M.Kom', 'Eka Irawan, M.Kom', 'Ilham Syahputra Saragih, S.Sos, M.M'),
('2002128', '008/SKPj/SEM-PRO/WKT-1/STIKOM-TB/III/2024', '2024-03-24', 'Analisa Faktor Keterlambatan Pembayaran Uang Kuliah Dengan Algoritma C5.0', 'Dr. M. Safii, M.Kom', 'Dedi Suhendro, M.Si', 'Irfan Sudahri Damanik, M.Kom', 'Abdi Rahim Damanik, M.Kom', 'Ilham Syahputra Saragih, S.Sos, M.M');

-- --------------------------------------------------------

--
-- Struktur dari tabel `sempro`
--

CREATE TABLE `sempro` (
  `id_sempro` int(11) NOT NULL,
  `tgl` date DEFAULT NULL,
  `pukul` time DEFAULT NULL,
  `ruang` char(8) DEFAULT NULL,
  `nim` varchar(20) DEFAULT NULL,
  `ketua_peng` varchar(50) DEFAULT NULL,
  `peng1` varchar(50) DEFAULT NULL,
  `peng2` varchar(50) DEFAULT NULL,
  `pertanyaan` text DEFAULT NULL,
  `nilai_p1` float DEFAULT NULL,
  `nilai_p2` float DEFAULT NULL,
  `nilai_akhir` float DEFAULT NULL
) ENGINE=InnoDB DEFAULT CHARSET=latin1;

--
-- Dumping data untuk tabel `sempro`
--

INSERT INTO `sempro` (`id_sempro`, `tgl`, `pukul`, `ruang`, `nim`, `ketua_peng`, `peng1`, `peng2`, `pertanyaan`, `nilai_p1`, `nilai_p2`, `nilai_akhir`) VALUES
(3, '2024-03-16', '11:05:44', '304', '2001034', 'Dr. Solikhun, M.Kom', 'Anjar Wanto, M.Kom', 'Wendi Robiansyah, M.Kom', '<p>Anjar Wanto :</p>\r\n<ol>\r\n<li>Jangan menuliskan kata samb</li>\r\n<li>tambah</li>\r\n<li>ss</li>\r\n<li>sdsd</li>\r\n<li>sdsd</li>\r\n</ol>\r\n<p>Wendi Robiansyah :</p>\r\n<ol>\r\n<li>Kontribusi Penelitian</li>\r\n<li>Perbedaan dengan penelitian terkait</li>\r\n<li>cek penulisan</li>\r\n</ol>', 85, 85, 85),
(4, '2024-03-16', '11:12:05', '304', '2001113', 'Dr. Solikhun, M.Kom', 'Dr. Solikhun, M.Kom', 'P.P.P.A.N.W Fikrul Ilmi R.H Zer, M.Kom', '<p>Solikhun :</p>\r\n<ol>\r\n<li>Reduksi masalah</li>\r\n<li>Rumusan masalah</li>\r\n<li>Tujuan</li>\r\n<li>Manfaat</li>\r\n</ol>\r\n<p>Fikrul Ilmi :</p>\r\n<ol>\r\n<li>Format penulisan</li>\r\n<li>Dijelaskan permasalahan lebih spesifik</li>\r\n</ol>', 81, 85, 83),
(5, '2024-03-16', '11:16:58', '304', '2001120', 'Dr. Solikhun, M.Kom', 'Agus Perdana Windarto, M.Kom', 'Muhammad Ridwan Lubis, M.Kom', '<p>Muhammad Ridwan Lubis :</p>\r\n<ol>\r\n<li>Kontribusi</li>\r\n</ol>\r\n<p>Agus Perdana Windarto :</p>\r\n<p>1. Bab 1, Bab 2, Bab 3 : Penjelasan materi</p>', 80, 80, 80),
(6, '2024-03-16', '11:21:06', '304', '2001017', 'Dr. Solikhun, M.Kom', 'Eka Irawan, M.Kom', 'Fazli Nugraha Tambunan, S.P., M.Kom', '<p>Fazli Nugraha Tambunan :</p>\r\n<ol>\r\n<li>Bab 1 : Manfaat penelitian</li>\r\n<li>Bab 2 : Tambahkan referensi penelitian terkait tentang perbandingan DBI dan silhoutte</li>\r\n<li>Bab 3 : Jelaskan secara detail dataset.</li>\r\n<li>Setiap bahasa asing menggunakan garis miring</li>\r\n</ol>\r\n<p>Eka Irawan</p>\r\n<p>1. Kontribusi</p>', 85, 90, 87.5),
(7, '2024-03-16', '11:39:08', '204', '2002068', 'Irfan Sudahri Damanik, M.Kom', 'Irfan Sudahri Damanik, M.Kom', 'Ilham Syahputra Saragih, S.Sos, M.M', '<p>Irfan sudahri damanik:</p>\r\n<p>1.Alasan perbandingan algoritma</p>\r\n<p>2.Presisi,recall,F1-score,akurasi keseluruhan</p>\r\n<p>3.Permasalahan utama</p>\r\n<p>4.RM tidak terkait dengan judul,manfaat,tujuan</p>\r\n<p>5.Metopel tidak menggambarkan perbandingan</p>\r\n<p>&nbsp;</p>\r\n<p>Ilham syahputra saragih:</p>\r\n<p>1.Data nya perhatikan&nbsp;</p>\r\n<p>2.Fokus judul terhadap rumusan masalah</p>', 90, 90, 90),
(8, '2024-03-16', '10:47:41', '204', '2002010', 'Irfan Sudahri Damanik, M.Kom', 'Dr. Dedy Hartama, S.T, M.Kom', 'Abdi Rahim Damanik, M.Kom', '<p>Abdi rahim damanik:</p>\r\n<p>1.Perbaiki tulisan dan tata letak gambar</p>\r\n<p>2.Perbaiki referensi latar belakang</p>\r\n<p>3.Perbaiki keterkaitan data dan referensi</p>\r\n<p>&nbsp;</p>\r\n<p>Dedi hartama:</p>\r\n<p>1.Tambahin:selihoute,optimasi.</p>\r\n<p>2.Tulisan diperbaiki:rumus matematika Mathtype</p>\r\n<p>3.Rumusan masalah</p>\r\n<p>4.Paragraf</p>\r\n<p>5.Riset terkait=riset beda=persamaan</p>\r\n<p>6.Tambahkan rancangan penelitian</p>', 85, 85, 85),
(9, '2024-03-16', '10:52:23', '204', '2002033', 'Irfan Sudahri Damanik, M.Kom', 'Dr. Dedy Hartama, S.T, M.Kom', 'Surya Darma, M.Kom', '<p>Surya darma:</p>\r\n<p>1.Latar belakang masalah</p>\r\n<p>2.Data</p>\r\n<p>3.Kontribusi riset</p>\r\n<p>4.Permasalahan</p>\r\n<p>&nbsp;</p>\r\n<p>Dedy hartama:</p>\r\n<p>1.Rancangan penelitian&nbsp;</p>\r\n<p>2.Persamaan,perbedaan,riset terkait harus sama</p>\r\n<p>3.penulisan paragraf</p>\r\n<p>4.Rumusan masalah</p>\r\n<p>5.Tunjukkan bagaimana cara citasi</p>\r\n<p>&nbsp;</p>\r\n<p>&nbsp;</p>\r\n<p>&nbsp;</p>\r\n<p>&nbsp;</p>', 89, 87, 88),
(10, '2024-03-16', '11:38:34', '204', '2002060', 'Irfan Sudahri Damanik, M.Kom', 'Surya Darma, M.Kom', 'Ilham Syahputra Saragih, S.Sos, M.M', '<p>Surya darma:</p>\r\n<p>1.kontribusi</p>\r\n<p>&nbsp;</p>\r\n<p>Ilham syahputra saragih:</p>\r\n<p>1.Penulisan</p>\r\n<p>&nbsp;</p>', 89, 90, 89.5),
(11, '2024-03-16', '14:06:17', '204', '2002018', 'Irfan Sudahri Damanik, M.Kom', 'Surya Darma, M.Kom', 'Abdi Rahim Damanik, M.Kom', '<p>Surya darma:</p>\r\n<p>1.Masalah di pendahuluan</p>\r\n<p>2.Penulisan</p>\r\n<p>3.Kontribusi riset</p>\r\n<p>&nbsp;</p>\r\n<p>Abdi rahim damanik:</p>\r\n<p>1.Kontribusi</p>', 86, 95, 90.5),
(12, '2024-03-16', '11:19:09', '204', '2002059', 'Irfan Sudahri Damanik, M.Kom', 'Irfan Sudahri Damanik, M.Kom', 'Ilham Syahputra Saragih, S.Sos, M.M', '<p>ilham syahputra saragih:</p>\r\n<p>1.kontribusi</p>\r\n<p>&nbsp;</p>\r\n<p>Irfan sudahri damanik:</p>\r\n<p>1.latar belakang tidak menggambarkan/terkait rumusan masalah</p>\r\n<p>2.Metode penelitian menggambarkan perbandingan algoritma</p>\r\n<p>3.Manfaat penelitian tidak terkait judul</p>\r\n<p>4.Kontribusi tidak sesuai judul</p>\r\n<p>&nbsp;</p>', 96, 85, 90.5),
(13, '2024-03-16', '11:32:46', '204', '2002128', 'Irfan Sudahri Damanik, M.Kom', 'Abdi Rahim Damanik, M.Kom', 'Ilham Syahputra Saragih, S.Sos, M.M', '<p>Ilham syahputra saragih:</p>\r\n<p>1.Abstrak kata kunci</p>\r\n<p>2.Variable tambahan kenapa terlambat?</p>\r\n<p>&nbsp;</p>\r\n<p>Abdi rahim damanik:</p>\r\n<p>1.Referensi di update&nbsp;</p>\r\n<p>2.kontribusi dikuatkan kembali</p>', 85, 96, 90.5),
(14, '2024-03-16', '11:55:03', '305', '2002079', 'Eka Irawan, M.Kom', 'Eka Irawan, M.Kom', 'Fazli Nugraha Tambunan, S.P., M.Kom', '<p>Eka irawan:</p>\r\n<p>1.Batasan masalah</p>\r\n<p>2.Pembuatan judul pada kutipan tidak di sarankan&nbsp;</p>\r\n<p>3.Diagram algoritma kerja</p>\r\n<p>&nbsp;</p>\r\n<p>Fazli nugraha tambunan:</p>\r\n<p>1.Bab 1:Batasa masalah ditambahkan metode yang digunakan&nbsp;</p>\r\n<p>2.Bab 3:Jelaskan dataset</p>', 80, 85, 82.5),
(15, '2024-03-16', '11:56:48', '305', '2002035', 'Eka Irawan, M.Kom', 'Surya Darma, M.Kom', 'Rizki Alfadillah Nasution, S.P, M.M', '<p>Rizki alfadillah nasution:</p>\r\n<p>1.Kontribusi</p>\r\n<p>&nbsp;</p>\r\n<p>Surya darma:</p>\r\n<p>1.Masalah penelitian</p>\r\n<p>2.Perbedaan riset</p>\r\n<p>3.Komunikasi riset</p>', 90, 93, 91.5),
(16, '2024-03-16', '14:03:33', '305', '2002088', 'Eka Irawan, M.Kom', 'Eka Irawan, M.Kom', 'Ilham Syahputra Saragih, S.Sos, M.M', '<p>Eka irawan:</p>\r\n<p>1.Diagram aktifitas</p>\r\n<p>2.Diagram perancangan</p>\r\n<p>3.Masalah jelas</p>\r\n<p>&nbsp;</p>\r\n<p>Ilham syahputra saragih:</p>\r\n<p>1.Abstrak</p>\r\n<p>2.Penulisan</p>', 80, 94, 87),
(17, '2024-03-16', '14:24:24', '305', '2002063', 'Eka Irawan, M.Kom', 'Eka Irawan, M.Kom', 'P.P.P.A.N.W Fikrul Ilmi R.H Zer, M.Kom', '<p>Eka irawan:</p>\r\n<p>1.Tulisan diperhatikan masih banyak.jenis tulisan dan seperti tulisan tidak mengikuti panduan.</p>\r\n<p>2.Flowchart diagram aktifitas pekerjaan diperbaiki</p>\r\n<p>3.Daftar pusaka&nbsp;</p>\r\n<p>&nbsp;</p>\r\n<p>Fikrul ilmi:</p>\r\n<p>1.Format penulisan&nbsp;</p>\r\n<p>2.latar belakang</p>', 80, 91, 85.5);

--
-- Indexes for dumped tables
--

--
-- Indeks untuk tabel `absensi_peserta`
--
ALTER TABLE `absensi_peserta`
  ADD PRIMARY KEY (`id_absensi`);

--
-- Indeks untuk tabel `dosen`
--
ALTER TABLE `dosen`
  ADD PRIMARY KEY (`nidn`);

--
-- Indeks untuk tabel `mahasiswa`
--
ALTER TABLE `mahasiswa`
  ADD PRIMARY KEY (`nim`);

--
-- Indeks untuk tabel `peserta`
--
ALTER TABLE `peserta`
  ADD PRIMARY KEY (`nim`);

--
-- Indeks untuk tabel `sempro`
--
ALTER TABLE `sempro`
  ADD PRIMARY KEY (`id_sempro`);

--
-- AUTO_INCREMENT untuk tabel yang dibuang
--

--
-- AUTO_INCREMENT untuk tabel `absensi_peserta`
--
ALTER TABLE `absensi_peserta`
  MODIFY `id_absensi` int(10) NOT NULL AUTO_INCREMENT, AUTO_INCREMENT=154;

--
-- AUTO_INCREMENT untuk tabel `sempro`
--
ALTER TABLE `sempro`
  MODIFY `id_sempro` int(11) NOT NULL AUTO_INCREMENT, AUTO_INCREMENT=18;
COMMIT;

